Last updated on 2023-05-29 20:57:02 CEST.
Flavor | Version | Tinstall | Tcheck | Ttotal | Status | Flags |
---|---|---|---|---|---|---|
r-devel-linux-x86_64-debian-clang | 1.2.1 | 66.51 | 130.14 | 196.65 | NOTE | |
r-devel-linux-x86_64-debian-gcc | 1.2.1 | 53.05 | 96.62 | 149.67 | NOTE | |
r-devel-linux-x86_64-fedora-clang | 1.2.1 | 246.21 | NOTE | |||
r-devel-linux-x86_64-fedora-gcc | 1.2.1 | 238.83 | NOTE | |||
r-devel-windows-x86_64 | 1.2.1 | 46.00 | 125.00 | 171.00 | NOTE | |
r-patched-linux-x86_64 | 1.2.1 | 55.38 | 122.42 | 177.80 | NOTE | |
r-release-linux-x86_64 | 1.2.1 | 50.37 | 120.65 | 171.02 | NOTE | |
r-release-macos-arm64 | 1.2.1 | 68.00 | NOTE | |||
r-release-macos-x86_64 | 1.2.1 | 111.00 | NOTE | |||
r-release-windows-x86_64 | 1.2.1 | 66.00 | 157.00 | 223.00 | NOTE | |
r-oldrel-macos-arm64 | 1.2.1 | 61.00 | OK | |||
r-oldrel-macos-x86_64 | 1.2.1 | 124.00 | OK | |||
r-oldrel-windows-x86_64 | 1.2.1 | 62.00 | 141.00 | 203.00 | OK |
Version: 1.2.1
Check: C++ specification
Result: NOTE
Specified C++11: please drop specification unless essential
Flavors: r-devel-linux-x86_64-debian-clang, r-devel-linux-x86_64-debian-gcc, r-devel-linux-x86_64-fedora-clang, r-devel-linux-x86_64-fedora-gcc, r-devel-windows-x86_64, r-patched-linux-x86_64, r-release-linux-x86_64, r-release-macos-arm64, r-release-macos-x86_64, r-release-windows-x86_64