Last updated on 2025-01-24 21:48:26 CET.
Flavor | Version | Tinstall | Tcheck | Ttotal | Status | Flags |
---|---|---|---|---|---|---|
r-devel-linux-x86_64-debian-clang | 1.1.3 | 27.77 | 492.67 | 520.44 | NOTE | |
r-devel-linux-x86_64-debian-gcc | 1.1.3 | 18.00 | 274.62 | 292.62 | NOTE | |
r-devel-linux-x86_64-fedora-clang | 1.1.3 | 823.41 | OK | |||
r-devel-linux-x86_64-fedora-gcc | 1.1.3 | 700.74 | OK | |||
r-devel-windows-x86_64 | 1.1.3 | 31.00 | 409.00 | 440.00 | OK | |
r-patched-linux-x86_64 | 1.1.3 | 30.52 | 379.83 | 410.35 | OK | |
r-release-linux-x86_64 | 1.1.3 | 26.91 | 386.00 | 412.91 | OK | |
r-release-macos-arm64 | 1.1.3 | 300.00 | OK | |||
r-release-macos-x86_64 | 1.1.3 | 373.00 | OK | |||
r-release-windows-x86_64 | 1.1.3 | 30.00 | 379.00 | 409.00 | OK | |
r-oldrel-macos-arm64 | 1.1.3 | 283.00 | OK | |||
r-oldrel-macos-x86_64 | 1.1.3 | 401.00 | OK | |||
r-oldrel-windows-x86_64 | 1.1.3 | 38.00 | 491.00 | 529.00 | OK |
Version: 1.1.3
Check: DESCRIPTION meta-information
Result: NOTE
Missing dependency on R >= 4.1.0 because package code uses the pipe
|> or function shorthand \(...) syntax added in R 4.1.0.
File(s) using such syntax:
‘expected_time.R’ ‘gs_info_ahr.R’
Flavors: r-devel-linux-x86_64-debian-clang, r-devel-linux-x86_64-debian-gcc