CRAN Package Check Results for Package growth

Last updated on 2024-05-27 12:51:31 CEST.

Flavor Version Tinstall Tcheck Ttotal Status Flags
r-devel-linux-x86_64-debian-clang 1.1.1 9.41 40.19 49.60 NOTE
r-devel-linux-x86_64-debian-gcc 1.1.1 7.55 29.46 37.01 NOTE
r-devel-linux-x86_64-fedora-clang 1.1.1 62.91 NOTE
r-devel-linux-x86_64-fedora-gcc 1.1.1 61.54 NOTE
r-devel-windows-x86_64 1.1.1 11.00 51.00 62.00 NOTE
r-patched-linux-x86_64 1.1.1 9.13 39.06 48.19 NOTE
r-release-linux-x86_64 1.1.1 9.04 38.04 47.08 NOTE
r-release-macos-arm64 1.1.1 21.00 NOTE
r-release-windows-x86_64 1.1.1 11.00 50.00 61.00 NOTE
r-oldrel-macos-arm64 1.1.1 23.00 NOTE
r-oldrel-macos-x86_64 1.1.1 38.00 NOTE
r-oldrel-windows-x86_64 1.1.1 12.00 55.00 67.00 NOTE

Check Details

Version: 1.1.1
Check: package subdirectories
Result: NOTE Problems with news in ‘NEWS.md’: No news entries found. Flavors: r-devel-linux-x86_64-debian-clang, r-devel-linux-x86_64-debian-gcc, r-devel-linux-x86_64-fedora-clang, r-devel-linux-x86_64-fedora-gcc, r-devel-windows-x86_64, r-patched-linux-x86_64, r-release-linux-x86_64, r-release-macos-arm64, r-release-windows-x86_64, r-oldrel-macos-arm64, r-oldrel-macos-x86_64, r-oldrel-windows-x86_64

Version: 1.1.1
Check: LazyData
Result: NOTE 'LazyData' is specified without a 'data' directory Flavors: r-devel-linux-x86_64-debian-clang, r-devel-linux-x86_64-debian-gcc, r-devel-linux-x86_64-fedora-clang, r-devel-linux-x86_64-fedora-gcc, r-devel-windows-x86_64, r-patched-linux-x86_64, r-release-linux-x86_64, r-release-macos-arm64, r-release-windows-x86_64, r-oldrel-macos-arm64, r-oldrel-macos-x86_64, r-oldrel-windows-x86_64

Version: 1.1.1
Check: Rd cross-references
Result: NOTE Undeclared packages ‘repeated’, ‘gnlm’ in Rd xrefs Flavor: r-devel-linux-x86_64-fedora-clang

Version: 1.1.1
Check: Rd cross-references
Result: NOTE Packages unavailable to check Rd xrefs: ‘repeated’, ‘gnlm’ Flavor: r-oldrel-macos-x86_64