Last updated on 2023-03-23 06:52:22 CET.
Flavor | Version | Tinstall | Tcheck | Ttotal | Status | Flags |
---|---|---|---|---|---|---|
r-devel-linux-x86_64-debian-clang | 0.1.1 | 4.39 | 50.83 | 55.22 | WARN | |
r-devel-linux-x86_64-debian-gcc | 0.1.1 | 3.80 | 38.45 | 42.25 | WARN | |
r-devel-linux-x86_64-fedora-clang | 0.1.1 | 69.52 | WARN | |||
r-devel-linux-x86_64-fedora-gcc | 0.1.1 | 82.09 | WARN | |||
r-patched-linux-x86_64 | 0.1.1 | 3.98 | 51.86 | 55.84 | OK | |
r-release-linux-x86_64 | 0.1.1 | 5.54 | 52.03 | 57.57 | OK | |
r-release-macos-arm64 | 0.1.1 | 27.00 | OK | |||
r-release-macos-x86_64 | 0.1.1 | 35.00 | OK | |||
r-release-windows-x86_64 | 0.1.1 | 21.00 | 83.00 | 104.00 | OK | |
r-oldrel-macos-arm64 | 0.1.1 | 29.00 | OK | |||
r-oldrel-macos-x86_64 | 0.1.1 | 39.00 | OK | |||
r-oldrel-windows-ix86+x86_64 | 0.1.1 | 12.00 | 81.00 | 93.00 | OK |
Version: 0.1.1
Check: S3 generic/method consistency
Result: WARN
ungroup:
function(x, ...)
ungroup.igrouped_df:
function(x)
See section ‘Generic functions and methods’ in the ‘Writing R
Extensions’ manual.
Flavors: r-devel-linux-x86_64-debian-clang, r-devel-linux-x86_64-debian-gcc, r-devel-linux-x86_64-fedora-clang, r-devel-linux-x86_64-fedora-gcc