CRAN Package Check Results for Package groupWQS

Last updated on 2021-09-28 07:48:28 CEST.

Flavor Version Tinstall Tcheck Ttotal Status Flags
r-devel-linux-x86_64-debian-clang 0.0.3 2.37 110.64 113.01 OK
r-devel-linux-x86_64-debian-gcc 0.0.3 2.52 78.91 81.43 OK
r-devel-linux-x86_64-fedora-clang 0.0.3 153.67 NOTE
r-devel-linux-x86_64-fedora-gcc 0.0.3 132.26 NOTE
r-devel-windows-x86_64 0.0.3 4.00 113.00 117.00 OK
r-devel-windows-x86_64-gcc10-UCRT 0.0.3 NOTE
r-patched-linux-x86_64 0.0.3 3.26 105.25 108.51 OK
r-patched-solaris-x86 0.0.3 64.50 NOTE
r-release-linux-x86_64 0.0.3 3.08 106.61 109.69 OK
r-release-macos-arm64 0.0.3 NOTE
r-release-macos-x86_64 0.0.3 NOTE
r-release-windows-ix86+x86_64 0.0.3 6.00 98.00 104.00 OK
r-oldrel-macos-x86_64 0.0.3 NOTE
r-oldrel-windows-ix86+x86_64 0.0.3 6.00 108.00 114.00 OK

Check Details

Version: 0.0.3
Check: dependencies in R code
Result: NOTE
    Namespaces in Imports field not imported from:
     ‘MASS’ ‘rjags’
     All declared Imports should be used.
Flavors: r-devel-linux-x86_64-fedora-clang, r-devel-linux-x86_64-fedora-gcc, r-devel-windows-x86_64-gcc10-UCRT, r-patched-solaris-x86, r-release-macos-arm64, r-release-macos-x86_64, r-oldrel-macos-x86_64