CRAN Package Check Results for Package grizbayr

Last updated on 2021-12-07 20:52:40 CET.

Flavor Version Tinstall Tcheck Ttotal Status Flags
r-devel-linux-x86_64-debian-clang 1.3.1 5.01 419.95 424.96 NOTE
r-devel-linux-x86_64-debian-gcc 1.3.1 3.41 274.98 278.39 NOTE
r-devel-linux-x86_64-fedora-clang 1.3.1 481.84 NOTE
r-devel-linux-x86_64-fedora-gcc 1.3.1 481.17 NOTE
r-devel-windows-x86_64-new-UL 1.3.1 15.00 408.00 423.00 NOTE
r-devel-windows-x86_64-new-TK 1.3.1 NOTE
r-devel-windows-x86_64-old 1.3.1 9.00 488.00 497.00 NOTE
r-patched-linux-x86_64 1.3.1 4.41 401.57 405.98 NOTE
r-release-linux-x86_64 1.3.1 4.47 401.99 406.46 NOTE
r-release-macos-arm64 1.3.1 NOTE
r-release-macos-x86_64 1.3.1 NOTE
r-release-windows-ix86+x86_64 1.3.1 8.00 480.00 488.00 NOTE
r-oldrel-macos-x86_64 1.3.1 OK
r-oldrel-windows-ix86+x86_64 1.3.1 12.00 464.00 476.00 OK

Check Details

Version: 1.3.1
Check: LazyData
Result: NOTE
     'LazyData' is specified without a 'data' directory
Flavors: r-devel-linux-x86_64-debian-clang, r-devel-linux-x86_64-debian-gcc, r-devel-linux-x86_64-fedora-clang, r-devel-linux-x86_64-fedora-gcc, r-devel-windows-x86_64-new-UL, r-devel-windows-x86_64-new-TK, r-devel-windows-x86_64-old, r-patched-linux-x86_64, r-release-linux-x86_64, r-release-macos-arm64, r-release-macos-x86_64, r-release-windows-ix86+x86_64