CRAN Package Check Results for Package gripp

Last updated on 2021-10-21 07:49:56 CEST.

Flavor Version Tinstall Tcheck Ttotal Status Flags
r-devel-linux-x86_64-debian-clang 0.2.20 3.48 33.54 37.02 NOTE
r-devel-linux-x86_64-debian-gcc 0.2.20 2.76 26.53 29.29 NOTE
r-devel-linux-x86_64-fedora-clang 0.2.20 56.86 NOTE
r-devel-linux-x86_64-fedora-gcc 0.2.20 44.92 NOTE
r-devel-windows-x86_64 0.2.20 8.00 58.00 66.00 NOTE
r-devel-windows-x86_64-gcc10-UCRT 0.2.20 NOTE
r-patched-linux-x86_64 0.2.20 2.99 32.51 35.50 NOTE
r-patched-solaris-x86 0.2.20 67.90 NOTE
r-release-linux-x86_64 0.2.20 3.80 32.71 36.51 NOTE
r-release-macos-arm64 0.2.20 NOTE
r-release-macos-x86_64 0.2.20 NOTE
r-release-windows-ix86+x86_64 0.2.20 7.00 52.00 59.00 NOTE
r-oldrel-macos-x86_64 0.2.20 NOTE
r-oldrel-windows-ix86+x86_64 0.2.20 9.00 58.00 67.00 OK

Check Details

Version: 0.2.20
Check: LazyData
Result: NOTE
     'LazyData' is specified without a 'data' directory
Flavors: r-devel-linux-x86_64-debian-clang, r-devel-linux-x86_64-debian-gcc, r-devel-linux-x86_64-fedora-clang, r-devel-linux-x86_64-fedora-gcc, r-devel-windows-x86_64, r-devel-windows-x86_64-gcc10-UCRT, r-patched-linux-x86_64, r-patched-solaris-x86, r-release-linux-x86_64, r-release-macos-arm64, r-release-macos-x86_64, r-release-windows-ix86+x86_64

Version: 0.2.20
Check: dependencies in R code
Result: NOTE
    Namespace in Imports field not imported from: ‘usethis’
     All declared Imports should be used.
Flavors: r-devel-linux-x86_64-fedora-clang, r-devel-linux-x86_64-fedora-gcc, r-devel-windows-x86_64-gcc10-UCRT, r-patched-solaris-x86, r-release-macos-arm64, r-release-macos-x86_64, r-oldrel-macos-x86_64