CRAN Package Check Results for Package gridDebug

Last updated on 2021-09-19 13:49:10 CEST.

Flavor Version Tinstall Tcheck Ttotal Status Flags
r-devel-linux-x86_64-debian-clang 0.5-1 6.12 52.07 58.19 OK
r-devel-linux-x86_64-debian-gcc 0.5-1 4.54 41.16 45.70 OK
r-devel-linux-x86_64-fedora-clang 0.5-1 78.41 OK
r-devel-linux-x86_64-fedora-gcc 0.5-1 66.31 OK
r-devel-windows-x86_64 0.5-1 7.00 74.00 81.00 OK
r-devel-windows-x86_64-gcc10-UCRT 0.5-1 ERROR
r-patched-linux-x86_64 0.5-1 5.13 51.03 56.16 OK
r-patched-solaris-x86 0.5-1 100.90 OK
r-release-linux-x86_64 0.5-1 5.92 52.96 58.88 OK
r-release-macos-arm64 0.5-1 OK
r-release-macos-x86_64 0.5-1 OK
r-release-windows-ix86+x86_64 0.5-1 13.00 54.00 67.00 OK
r-oldrel-macos-x86_64 0.5-1 OK
r-oldrel-windows-ix86+x86_64 0.5-1 12.00 53.00 65.00 OK

Check Details

Version: 0.5-1
Check: package dependencies
Result: ERROR
    Package required but not available: 'gridSVG'
    
    See section 'The DESCRIPTION file' in the 'Writing R Extensions'
    manual.
Flavor: r-devel-windows-x86_64-gcc10-UCRT