CRAN Package Check Results for Package grf

Last updated on 2022-10-02 06:52:11 CEST.

Flavor Version Tinstall Tcheck Ttotal Status Flags
r-devel-linux-x86_64-debian-clang 2.2.0 355.31 103.17 458.48 NOTE
r-devel-linux-x86_64-debian-gcc 2.2.0 264.85 82.58 347.43 NOTE
r-devel-linux-x86_64-fedora-clang 2.2.0 670.87 NOTE
r-devel-linux-x86_64-fedora-gcc 2.2.0 585.46 NOTE
r-devel-windows-x86_64 2.2.0 355.00 173.00 528.00 NOTE
r-patched-linux-x86_64 2.2.0 273.54 101.51 375.05 NOTE
r-release-linux-x86_64 2.2.0 271.57 102.36 373.93 NOTE
r-release-macos-arm64 2.2.0 140.00 NOTE
r-release-macos-x86_64 2.2.0 178.00 NOTE
r-release-windows-x86_64 2.2.0 344.00 160.00 504.00 NOTE
r-oldrel-macos-arm64 2.2.0 125.00 NOTE
r-oldrel-macos-x86_64 2.2.0 174.00 NOTE
r-oldrel-windows-ix86+x86_64 2.2.0 802.00 193.00 995.00 NOTE

Check Details

Version: 2.2.0
Check: for GNU extensions in Makefiles
Result: NOTE
    GNU make is a SystemRequirements.
Flavors: r-devel-linux-x86_64-debian-clang, r-devel-linux-x86_64-debian-gcc, r-devel-linux-x86_64-fedora-clang, r-devel-linux-x86_64-fedora-gcc, r-devel-windows-x86_64, r-patched-linux-x86_64, r-release-linux-x86_64, r-release-macos-arm64, r-release-macos-x86_64, r-release-windows-x86_64, r-oldrel-macos-arm64, r-oldrel-macos-x86_64, r-oldrel-windows-ix86+x86_64

Version: 2.2.0
Check: installed package size
Result: NOTE
     installed size is 32.2Mb
     sub-directories of 1Mb or more:
     libs 31.7Mb
Flavors: r-release-macos-arm64, r-release-macos-x86_64, r-oldrel-macos-arm64, r-oldrel-macos-x86_64