CRAN Package Check Results for Package greed

Last updated on 2022-11-30 20:55:14 CET.

Flavor Version Tinstall Tcheck Ttotal Status Flags
r-devel-linux-x86_64-debian-clang 0.6.1 382.57 364.38 746.95 OK
r-devel-linux-x86_64-debian-gcc 0.6.1 321.59 235.47 557.06 OK
r-devel-linux-x86_64-fedora-clang 0.6.1 1098.59 NOTE
r-devel-linux-x86_64-fedora-gcc 0.6.1 1034.09 NOTE
r-devel-windows-x86_64 0.6.1 323.00 413.00 736.00 OK
r-patched-linux-x86_64 0.6.1 352.83 308.03 660.86 OK
r-release-linux-x86_64 0.6.1 355.96 308.25 664.21 OK
r-release-macos-arm64 0.6.1 212.00 NOTE
r-release-macos-x86_64 0.6.1 279.00 NOTE
r-release-windows-x86_64 0.6.1 315.00 416.00 731.00 OK
r-oldrel-macos-arm64 0.6.1 211.00 NOTE
r-oldrel-macos-x86_64 0.6.1 278.00 NOTE
r-oldrel-windows-ix86+x86_64 0.6.1 919.00 701.00 1620.00 NOTE

Check Details

Version: 0.6.1
Check: data for non-ASCII characters
Result: NOTE
     Note: found 989 marked UTF-8 strings
Flavors: r-devel-linux-x86_64-fedora-clang, r-devel-linux-x86_64-fedora-gcc, r-release-macos-arm64, r-release-macos-x86_64, r-oldrel-macos-arm64, r-oldrel-macos-x86_64

Version: 0.6.1
Check: installed package size
Result: NOTE
     installed size is 19.7Mb
     sub-directories of 1Mb or more:
     libs 17.4Mb
Flavors: r-release-macos-arm64, r-release-macos-x86_64, r-oldrel-macos-arm64, r-oldrel-macos-x86_64, r-oldrel-windows-ix86+x86_64