CRAN Package Check Results for Package graphTweets

Last updated on 2022-09-27 00:51:04 CEST.

Flavor Version Tinstall Tcheck Ttotal Status Flags
r-devel-linux-x86_64-debian-clang 0.5.3 5.73 53.85 59.58 OK
r-devel-linux-x86_64-debian-gcc 0.5.3 4.01 39.51 43.52 OK
r-devel-linux-x86_64-fedora-clang 0.5.3 84.85 NOTE
r-devel-linux-x86_64-fedora-gcc 0.5.3 84.54 NOTE
r-devel-windows-x86_64 0.5.3 30.00 76.00 106.00 OK
r-patched-linux-x86_64 0.5.3 5.31 50.31 55.62 OK
r-release-linux-x86_64 0.5.3 3.43 49.58 53.01 OK
r-release-macos-arm64 0.5.3 23.00 NOTE
r-release-macos-x86_64 0.5.3 72.00 NOTE
r-release-windows-x86_64 0.5.3 25.00 73.00 98.00 OK
r-oldrel-macos-arm64 0.5.3 29.00 NOTE
r-oldrel-macos-x86_64 0.5.3 41.00 NOTE
r-oldrel-windows-ix86+x86_64 0.5.3 13.00 77.00 90.00 OK

Check Details

Version: 0.5.3
Check: dependencies in R code
Result: NOTE
    Namespace in Imports field not imported from: ‘utils’
     All declared Imports should be used.
Flavors: r-devel-linux-x86_64-fedora-clang, r-devel-linux-x86_64-fedora-gcc, r-release-macos-arm64, r-release-macos-x86_64, r-oldrel-macos-arm64, r-oldrel-macos-x86_64