CRAN Package Check Results for Package grainscape

Last updated on 2021-06-24 01:50:22 CEST.

Flavor Version Tinstall Tcheck Ttotal Status Flags
r-devel-linux-x86_64-debian-clang 0.4.3 41.12 323.57 364.69 OK
r-devel-linux-x86_64-debian-gcc 0.4.3 28.10 238.84 266.94 OK
r-devel-linux-x86_64-fedora-clang 0.4.3 454.21 OK
r-devel-linux-x86_64-fedora-gcc 0.4.3 431.47 OK
r-devel-windows-x86_64 0.4.3 52.00 292.00 344.00 OK
r-devel-windows-x86_64-gcc10-UCRT 0.4.3 NOTE
r-patched-linux-x86_64 0.4.3 40.19 309.06 349.25 OK
r-patched-solaris-x86 0.4.3 516.30 OK
r-release-linux-x86_64 0.4.3 32.67 309.03 341.70 OK
r-release-macos-arm64 0.4.3 OK
r-release-macos-x86_64 0.4.3 OK
r-release-windows-ix86+x86_64 0.4.3 69.00 407.00 476.00 OK
r-oldrel-macos-x86_64 0.4.3 OK

Check Details

Version: 0.4.3
Check: package dependencies
Result: NOTE
    Package suggested but not available for checking: 'covr'
Flavor: r-devel-windows-x86_64-gcc10-UCRT