CRAN Package Check Results for Package grabsampling

Last updated on 2022-10-06 21:49:54 CEST.

Flavor Version Tinstall Tcheck Ttotal Status Flags
r-devel-linux-x86_64-debian-clang 1.0.0 3.35 38.02 41.37 NOTE
r-devel-linux-x86_64-debian-gcc 1.0.0 2.75 28.48 31.23 NOTE
r-devel-linux-x86_64-fedora-clang 1.0.0 63.94 NOTE
r-devel-linux-x86_64-fedora-gcc 1.0.0 62.10 NOTE
r-devel-windows-x86_64 1.0.0 12.00 69.00 81.00 NOTE
r-patched-linux-x86_64 1.0.0 2.75 34.95 37.70 NOTE
r-release-linux-x86_64 1.0.0 2.66 34.74 37.40 NOTE
r-release-macos-arm64 1.0.0 18.00 NOTE
r-release-macos-x86_64 1.0.0 38.00 NOTE
r-release-windows-x86_64 1.0.0 21.00 64.00 85.00 NOTE
r-oldrel-macos-arm64 1.0.0 25.00 NOTE
r-oldrel-macos-x86_64 1.0.0 32.00 NOTE
r-oldrel-windows-ix86+x86_64 1.0.0 8.00 60.00 68.00 NOTE

Check Details

Version: 1.0.0
Check: LazyData
Result: NOTE
     'LazyData' is specified without a 'data' directory
Flavors: r-devel-linux-x86_64-debian-clang, r-devel-linux-x86_64-debian-gcc, r-devel-linux-x86_64-fedora-clang, r-devel-linux-x86_64-fedora-gcc, r-devel-windows-x86_64, r-patched-linux-x86_64, r-release-linux-x86_64, r-release-macos-arm64, r-release-macos-x86_64, r-release-windows-x86_64, r-oldrel-macos-arm64, r-oldrel-macos-x86_64, r-oldrel-windows-ix86+x86_64