CRAN Package Check Results for Package gpg

Last updated on 2021-07-31 19:51:26 CEST.

Flavor Version Tinstall Tcheck Ttotal Status Flags
r-devel-linux-x86_64-debian-clang 1.2.3 4.39 26.96 31.35 OK
r-devel-linux-x86_64-debian-gcc 1.2.3 3.20 21.59 24.79 OK
r-devel-linux-x86_64-fedora-clang 1.2.3 48.36 OK
r-devel-linux-x86_64-fedora-gcc 1.2.3 21.38 OK
r-devel-windows-x86_64 1.2.3 12.00 62.00 74.00 OK
r-devel-windows-x86_64-gcc10-UCRT 1.2.3 WARN
r-patched-linux-x86_64 1.2.3 OK
r-release-linux-x86_64 1.2.3 3.70 26.08 29.78 OK
r-release-macos-arm64 1.2.3 OK
r-release-macos-x86_64 1.2.3 OK
r-release-windows-ix86+x86_64 1.2.2 22.00 73.00 95.00 OK
r-oldrel-macos-x86_64 1.2.3 OK
r-oldrel-windows-ix86+x86_64 1.2.3 16.00 58.00 74.00 OK

Check Details

Version: 1.2.3
Check: whether package can be installed
Result: WARN
    Found the following significant warnings:
     WARNING: failed to apply patch patches/CRAN/gpg.diff
Flavor: r-devel-windows-x86_64-gcc10-UCRT