CRAN Package Check Results for Package gpbStat

Last updated on 2021-12-07 20:52:40 CET.

Flavor Version Tinstall Tcheck Ttotal Status Flags
r-devel-linux-x86_64-debian-clang 0.3.5 4.48 54.64 59.12 OK
r-devel-linux-x86_64-debian-gcc 0.3.5 4.53 41.63 46.16 OK
r-devel-linux-x86_64-fedora-clang 0.3.5 75.11 NOTE
r-devel-linux-x86_64-fedora-gcc 0.3.5 61.68 NOTE
r-devel-windows-x86_64-new-UL 0.3.5 14.00 100.00 114.00 OK
r-devel-windows-x86_64-new-TK 0.3.5 NOTE
r-devel-windows-x86_64-old 0.3.5 9.00 75.00 84.00 OK
r-patched-linux-x86_64 0.3.5 4.53 54.30 58.83 OK
r-release-linux-x86_64 0.3.5 4.85 54.01 58.86 OK
r-release-macos-arm64 0.3.5 NOTE
r-release-macos-x86_64 0.3.5 NOTE
r-release-windows-ix86+x86_64 0.3.5 8.00 77.00 85.00 OK
r-oldrel-macos-x86_64 0.3.5 NOTE
r-oldrel-windows-ix86+x86_64 0.3.5 10.00 68.00 78.00 OK

Check Details

Version: 0.3.5
Check: dependencies in R code
Result: NOTE
    Namespaces in Imports field not imported from:
     ‘dplyr’ ‘utils’
     All declared Imports should be used.
Flavors: r-devel-linux-x86_64-fedora-clang, r-devel-linux-x86_64-fedora-gcc, r-devel-windows-x86_64-new-TK, r-release-macos-arm64, r-release-macos-x86_64, r-oldrel-macos-x86_64