CRAN Package Check Results for Package googlesheets4

Last updated on 2021-11-26 19:52:52 CET.

Flavor Version Tinstall Tcheck Ttotal Status Flags
r-devel-linux-x86_64-debian-clang 1.0.0 6.42 73.96 80.38 OK
r-devel-linux-x86_64-debian-gcc 1.0.0 6.16 55.60 61.76 OK
r-devel-linux-x86_64-fedora-clang 1.0.0 107.26 NOTE
r-devel-linux-x86_64-fedora-gcc 1.0.0 95.09 OK
r-devel-windows-x86_64-new-UL 1.0.0 24.00 127.00 151.00 OK
r-devel-windows-x86_64-new-TK 1.0.0 OK
r-devel-windows-x86_64-old 1.0.0 10.00 103.00 113.00 OK
r-patched-linux-x86_64 1.0.0 12.35 69.56 81.91 OK
r-patched-solaris-x86 1.0.0 122.90 OK
r-release-linux-x86_64 1.0.0 OK
r-release-macos-arm64 1.0.0 OK
r-release-macos-x86_64 1.0.0 OK
r-release-windows-ix86+x86_64 1.0.0 17.00 78.00 95.00 OK
r-oldrel-macos-x86_64 1.0.0 OK
r-oldrel-windows-ix86+x86_64 1.0.0 17.00 99.00 116.00 OK

Check Details

Version: 1.0.0
Check: Rd cross-references
Result: NOTE
    Undeclared package ‘jsonlite’ in Rd xrefs
Flavor: r-devel-linux-x86_64-fedora-clang