CRAN Package Check Results for Package googlePrintr

Last updated on 2021-08-02 22:54:31 CEST.

Flavor Version Tinstall Tcheck Ttotal Status Flags
r-devel-linux-x86_64-debian-clang 0.0.1 3.25 29.10 32.35 NOTE
r-devel-linux-x86_64-debian-gcc 0.0.1 2.50 23.48 25.98 NOTE
r-devel-linux-x86_64-fedora-clang 0.0.1 48.73 NOTE
r-devel-linux-x86_64-fedora-gcc 0.0.1 37.53 NOTE
r-devel-windows-x86_64 0.0.1 4.00 44.00 48.00 NOTE
r-devel-windows-x86_64-gcc10-UCRT 0.0.1 NOTE
r-patched-linux-x86_64 0.0.1 NOTE
r-patched-solaris-x86 0.0.1 53.80 NOTE
r-release-linux-x86_64 0.0.1 3.19 28.59 31.78 NOTE
r-release-macos-arm64 0.0.1 NOTE
r-release-macos-x86_64 0.0.1 NOTE
r-release-windows-ix86+x86_64 0.0.1 8.00 34.00 42.00 NOTE
r-oldrel-macos-x86_64 0.0.1 OK
r-oldrel-windows-ix86+x86_64 0.0.1 6.00 48.00 54.00 OK

Check Details

Version: 0.0.1
Check: LazyData
Result: NOTE
     'LazyData' is specified without a 'data' directory
Flavors: r-devel-linux-x86_64-debian-clang, r-devel-linux-x86_64-debian-gcc, r-devel-linux-x86_64-fedora-clang, r-devel-linux-x86_64-fedora-gcc, r-devel-windows-x86_64, r-devel-windows-x86_64-gcc10-UCRT, r-patched-linux-x86_64, r-patched-solaris-x86, r-release-linux-x86_64, r-release-macos-arm64, r-release-macos-x86_64, r-release-windows-ix86+x86_64