CRAN Package Check Results for Package good

Last updated on 2021-09-19 13:49:10 CEST.

Flavor Version Tinstall Tcheck Ttotal Status Flags
r-devel-linux-x86_64-debian-clang 1.0.1 10.21 85.58 95.79 OK
r-devel-linux-x86_64-debian-gcc 1.0.1 8.49 66.37 74.86 OK
r-devel-linux-x86_64-fedora-clang 1.0.1 123.23 OK
r-devel-linux-x86_64-fedora-gcc 1.0.1 112.88 OK
r-devel-windows-x86_64 1.0.1 12.00 110.00 122.00 OK
r-devel-windows-x86_64-gcc10-UCRT 1.0.1 ERROR
r-patched-linux-x86_64 1.0.1 8.17 82.98 91.15 OK
r-patched-solaris-x86 1.0.1 170.40 OK
r-release-linux-x86_64 1.0.1 8.71 83.62 92.33 OK
r-release-macos-arm64 1.0.1 OK
r-release-macos-x86_64 1.0.1 OK
r-release-windows-ix86+x86_64 1.0.1 22.00 80.00 102.00 OK
r-oldrel-macos-x86_64 1.0.1 OK
r-oldrel-windows-ix86+x86_64 1.0.1 22.00 87.00 109.00 OK

Check Details

Version: 1.0.1
Check: whether package can be installed
Result: WARN
    Found the following significant warnings:
     WARNING: installation-time patches will not be applied, could not get the patches index
Flavor: r-devel-windows-x86_64-gcc10-UCRT

Version: 1.0.1
Check: PDF version of manual
Result: WARN
    LaTeX errors when creating PDF version.
    This typically indicates Rd problems.
Flavor: r-devel-windows-x86_64-gcc10-UCRT

Version: 1.0.1
Check: PDF version of manual without hyperrefs or index
Result: ERROR
    Re-running with no redirection of stdout/stderr.
Flavor: r-devel-windows-x86_64-gcc10-UCRT