CRAN Package Check Results for Package gogarch

Last updated on 2022-10-03 18:52:08 CEST.

Flavor Version Tinstall Tcheck Ttotal Status Flags
r-devel-linux-x86_64-debian-clang 0.7-5 19.49 104.91 124.40 NOTE
r-devel-linux-x86_64-debian-gcc 0.7-5 14.77 80.01 94.78 NOTE
r-devel-linux-x86_64-fedora-clang 0.7-5 173.18 NOTE
r-devel-linux-x86_64-fedora-gcc 0.7-5 166.18 NOTE
r-devel-windows-x86_64 0.7-5 37.00 131.00 168.00 NOTE
r-patched-linux-x86_64 0.7-5 16.19 99.92 116.11 OK
r-release-linux-x86_64 0.7-5 16.30 99.69 115.99 OK
r-release-macos-arm64 0.7-5 31.00 OK
r-release-macos-x86_64 0.7-5 43.00 OK
r-release-windows-x86_64 0.7-5 37.00 132.00 169.00 OK
r-oldrel-macos-arm64 0.7-5 29.00 OK
r-oldrel-macos-x86_64 0.7-5 39.00 OK
r-oldrel-windows-ix86+x86_64 0.7-5 35.00 125.00 160.00 OK

Check Details

Version: 0.7-5
Check: Rd files
Result: NOTE
    checkRd: (-1) BVDWSTOXX.Rd:14: Escaped LaTeX specials: \&
    checkRd: (-1) BVDWSTOXX.Rd:15: Escaped LaTeX specials: \&
    checkRd: (-1) BVDWSTOXX.Rd:16: Escaped LaTeX specials: \& \&
    checkRd: (-1) BVDWSTOXX.Rd:26: Escaped LaTeX specials: \&
    checkRd: (-1) BVDWSTOXX.Rd:31: Escaped LaTeX specials: \&
    checkRd: (-1) BVDWSTOXX.Rd:34: Escaped LaTeX specials: \&
    checkRd: (-1) BVDWSTOXX.Rd:37: Escaped LaTeX specials: \&
Flavors: r-devel-linux-x86_64-debian-clang, r-devel-linux-x86_64-debian-gcc, r-devel-linux-x86_64-fedora-clang, r-devel-linux-x86_64-fedora-gcc, r-devel-windows-x86_64

Version: 0.7-5
Check: Rd cross-references
Result: NOTE
    Undeclared package ‘fBasics’ in Rd xrefs
Flavor: r-devel-linux-x86_64-fedora-clang