CRAN Package Check Results for Package goffda

Last updated on 2021-12-07 20:52:40 CET.

Flavor Version Tinstall Tcheck Ttotal Status Flags
r-devel-linux-x86_64-debian-clang 0.1.0 33.62 125.82 159.44 OK
r-devel-linux-x86_64-debian-gcc 0.1.0 31.97 97.99 129.96 OK
r-devel-linux-x86_64-fedora-clang 0.1.0 212.61 NOTE
r-devel-linux-x86_64-fedora-gcc 0.1.0 194.68 NOTE
r-devel-windows-x86_64-new-UL 0.1.0 57.00 194.00 251.00 OK
r-devel-windows-x86_64-new-TK 0.1.0 NOTE
r-devel-windows-x86_64-old 0.1.0 53.00 167.00 220.00 OK
r-patched-linux-x86_64 0.1.0 35.55 123.12 158.67 OK
r-release-linux-x86_64 0.1.0 35.76 122.66 158.42 OK
r-release-macos-arm64 0.1.0 NOTE
r-release-macos-x86_64 0.1.0 NOTE
r-release-windows-ix86+x86_64 0.1.0 73.00 236.00 309.00 OK
r-oldrel-macos-x86_64 0.1.0 NOTE
r-oldrel-windows-ix86+x86_64 0.1.0 96.00 229.00 325.00 OK

Check Details

Version: 0.1.0
Check: data for non-ASCII characters
Result: NOTE
     Note: found 1352 marked UTF-8 strings
Flavors: r-devel-linux-x86_64-fedora-clang, r-devel-linux-x86_64-fedora-gcc, r-devel-windows-x86_64-new-TK, r-release-macos-arm64, r-release-macos-x86_64, r-oldrel-macos-x86_64