CRAN Package Check Results for Package gofar

Last updated on 2022-09-29 06:54:22 CEST.

Flavor Version Tinstall Tcheck Ttotal Status Flags
r-devel-linux-x86_64-debian-clang 0.1 65.15 103.30 168.45 OK
r-devel-linux-x86_64-debian-gcc 0.1 54.85 78.76 133.61 OK
r-devel-linux-x86_64-fedora-clang 0.1 231.36 NOTE
r-devel-linux-x86_64-fedora-gcc 0.1 235.34 NOTE
r-devel-windows-x86_64 0.1 45.00 141.00 186.00 OK
r-patched-linux-x86_64 0.1 59.23 96.90 156.13 OK
r-release-linux-x86_64 0.1 56.56 98.02 154.58 OK
r-release-macos-arm64 0.1 58.00 NOTE
r-release-macos-x86_64 0.1 122.00 NOTE
r-release-windows-x86_64 0.1 52.00 153.00 205.00 OK
r-oldrel-macos-arm64 0.1 64.00 NOTE
r-oldrel-macos-x86_64 0.1 73.00 NOTE
r-oldrel-windows-ix86+x86_64 0.1 143.00 164.00 307.00 OK

Check Details

Version: 0.1
Check: dependencies in R code
Result: NOTE
    Namespace in Imports field not imported from: ‘Rcpp’
     All declared Imports should be used.
Flavors: r-devel-linux-x86_64-fedora-clang, r-devel-linux-x86_64-fedora-gcc, r-release-macos-arm64, r-release-macos-x86_64, r-oldrel-macos-arm64, r-oldrel-macos-x86_64

Version: 0.1
Check: installed package size
Result: NOTE
     installed size is 5.6Mb
     sub-directories of 1Mb or more:
     libs 5.3Mb
Flavors: r-release-macos-arm64, r-release-macos-x86_64, r-oldrel-macos-arm64, r-oldrel-macos-x86_64