CRAN Package Check Results for Package glow

Last updated on 2024-02-29 00:55:41 CET.

Flavor Version Tinstall Tcheck Ttotal Status Flags
r-devel-linux-x86_64-debian-clang 0.11.0 40.96 69.33 110.29 OK
r-devel-linux-x86_64-debian-gcc 0.11.0 35.57 52.96 88.53 OK
r-devel-linux-x86_64-fedora-clang 0.11.0 147.26 OK
r-devel-linux-x86_64-fedora-gcc 0.11.0 166.65 OK
r-devel-windows-x86_64 0.11.0 35.00 90.00 125.00 OK
r-patched-linux-x86_64 0.11.0 37.54 69.66 107.20 OK
r-release-linux-x86_64 0.11.0 43.20 67.61 110.81 OK
r-release-macos-arm64 0.11.0 51.00 NOTE
r-release-macos-x86_64 0.11.0 78.00 NOTE
r-release-windows-x86_64 0.11.0 42.00 106.00 148.00 OK
r-oldrel-macos-arm64 0.11.0 47.00 NOTE
r-oldrel-windows-x86_64 0.11.0 44.00 111.00 155.00 OK

Check Details

Version: 0.11.0
Check: installed package size
Result: NOTE installed size is 12.1Mb sub-directories of 1Mb or more: doc 1.3Mb libs 10.4Mb Flavors: r-release-macos-arm64, r-release-macos-x86_64, r-oldrel-macos-arm64