CRAN Package Check Results for Package globalKinhom

Last updated on 2021-09-19 13:49:10 CEST.

Flavor Version Tinstall Tcheck Ttotal Status Flags
r-devel-linux-x86_64-debian-clang 0.1.3 10.49 108.48 118.97 OK
r-devel-linux-x86_64-debian-gcc 0.1.3 7.70 80.76 88.46 OK
r-devel-linux-x86_64-fedora-clang 0.1.3 149.92 OK
r-devel-linux-x86_64-fedora-gcc 0.1.3 137.41 OK
r-devel-windows-x86_64 0.1.3 13.00 155.00 168.00 OK
r-devel-windows-x86_64-gcc10-UCRT 0.1.3 ERROR
r-patched-linux-x86_64 0.1.3 14.03 104.76 118.79 OK
r-patched-solaris-x86 0.1.3 220.70 OK
r-release-linux-x86_64 0.1.3 8.64 104.73 113.37 OK
r-release-macos-arm64 0.1.3 OK
r-release-macos-x86_64 0.1.3 OK
r-release-windows-ix86+x86_64 0.1.3 24.00 193.00 217.00 OK
r-oldrel-macos-x86_64 0.1.3 OK
r-oldrel-windows-ix86+x86_64 0.1.3 24.00 203.00 227.00 OK

Check Details

Version: 0.1.3
Check: whether package can be installed
Result: ERROR
    Installation failed.
Flavor: r-devel-windows-x86_64-gcc10-UCRT