CRAN Package Check Results for Package glmnetUtils

Last updated on 2022-10-02 21:53:42 CEST.

Flavor Version Tinstall Tcheck Ttotal Status Flags
r-devel-linux-x86_64-debian-clang 1.1.8 10.01 386.88 396.89 OK
r-devel-linux-x86_64-debian-gcc 1.1.8 6.80 275.07 281.87 OK
r-devel-linux-x86_64-fedora-clang 1.1.8 462.24 OK
r-devel-linux-x86_64-fedora-gcc 1.1.8 485.59 OK
r-devel-windows-x86_64 1.1.8 21.00 398.00 419.00 OK
r-patched-linux-x86_64 1.1.8 8.47 363.24 371.71 OK
r-release-linux-x86_64 1.1.8 8.43 361.09 369.52 OK
r-release-macos-arm64 1.1.8 132.00 OK
r-release-macos-x86_64 1.1.8 175.00 OK
r-release-windows-x86_64 1.1.8 23.00 397.00 420.00 OK
r-oldrel-macos-arm64 1.1.8 160.00 OK
r-oldrel-macos-x86_64 1.1.8 1803.00 OK
r-oldrel-windows-ix86+x86_64 1.1.8 21.00 378.00 399.00 WARN

Check Details

Version: 1.1.8
Check: re-building of vignette outputs
Result: WARN
    Error(s) in re-building vignettes:
    --- re-building 'intro.rmd' using rmarkdown
    trying URL 'https://web.stanford.edu/~hastie/glmnet/glmnetData/Leukemia.RData'
    Quitting from lines 167-173 (intro.rmd)
    Error: processing vignette 'intro.rmd' failed with diagnostics:
    cannot open URL 'https://web.stanford.edu/~hastie/glmnet/glmnetData/Leukemia.RData'
    --- failed re-building 'intro.rmd'
    
    SUMMARY: processing the following file failed:
     'intro.rmd'
    
    Error: Vignette re-building failed.
    Execution halted
Flavor: r-oldrel-windows-ix86+x86_64