CRAN Package Check Results for Package glmmfields

Last updated on 2021-08-03 13:53:12 CEST.

Flavor Version Tinstall Tcheck Ttotal Status Flags
r-devel-linux-x86_64-debian-clang 0.1.4 176.88 127.19 304.07 NOTE
r-devel-linux-x86_64-debian-gcc 0.1.4 144.33 102.13 246.46 NOTE
r-devel-linux-x86_64-fedora-clang 0.1.4 404.34 NOTE
r-devel-linux-x86_64-fedora-gcc 0.1.4 419.23 NOTE
r-devel-windows-x86_64 0.1.4 156.00 185.00 341.00 NOTE
r-devel-windows-x86_64-gcc10-UCRT 0.1.4 NOTE
r-patched-linux-x86_64 0.1.4 161.19 128.27 289.46 NOTE
r-patched-solaris-x86 0.1.4 440.00 NOTE
r-release-linux-x86_64 0.1.4 154.92 129.69 284.61 NOTE
r-release-macos-arm64 0.1.4 WARN
r-release-macos-x86_64 0.1.4 NOTE
r-release-windows-ix86+x86_64 0.1.4 349.00 245.00 594.00 NOTE
r-oldrel-macos-x86_64 0.1.4 NOTE
r-oldrel-windows-ix86+x86_64 0.1.4 301.00 253.00 554.00 NOTE

Check Details

Version: 0.1.4
Check: for GNU extensions in Makefiles
Result: NOTE
    GNU make is a SystemRequirements.
Flavors: r-devel-linux-x86_64-debian-clang, r-devel-linux-x86_64-debian-gcc, r-devel-linux-x86_64-fedora-clang, r-devel-linux-x86_64-fedora-gcc, r-devel-windows-x86_64, r-devel-windows-x86_64-gcc10-UCRT, r-patched-linux-x86_64, r-patched-solaris-x86, r-release-linux-x86_64, r-release-macos-arm64, r-release-macos-x86_64, r-release-windows-ix86+x86_64, r-oldrel-macos-x86_64, r-oldrel-windows-ix86+x86_64

Version: 0.1.4
Check: installed package size
Result: NOTE
     installed size is 43.0Mb
     sub-directories of 1Mb or more:
     libs 42.2Mb
Flavors: r-devel-linux-x86_64-fedora-clang, r-release-macos-arm64, r-release-macos-x86_64, r-release-windows-ix86+x86_64, r-oldrel-macos-x86_64, r-oldrel-windows-ix86+x86_64

Version: 0.1.4
Check: line endings in C/C++/Fortran sources/headers
Result: NOTE
    Found the following sources/headers with CR or CRLF line endings:
     src/stan_files/glmmfields.hpp
    Some Unix compilers require LF line endings.
Flavor: r-devel-windows-x86_64-gcc10-UCRT

Version: 0.1.4
Check: re-building of vignette outputs
Result: WARN
    Error(s) in re-building vignettes:
    --- re-building ‘spatial-glms.Rmd’ using rmarkdown
    Warning in engine$weave(file, quiet = quiet, encoding = enc) :
     Pandoc (>= 1.12.3) not available. Falling back to R Markdown v1.
    Loading required package: Rcpp
    
    Attaching package: 'dplyr'
    
    The following objects are masked from 'package:stats':
    
     filter, lag
    
    The following objects are masked from 'package:base':
    
     intersect, setdiff, setequal, union
    
    Quitting from lines 38-53 (spatial-glms.Rmd)
    Error: processing vignette 'spatial-glms.Rmd' failed with diagnostics:
    polygon edge not found
    --- failed re-building ‘spatial-glms.Rmd’
    
    SUMMARY: processing the following file failed:
     ‘spatial-glms.Rmd’
    
    Error: Vignette re-building failed.
    Execution halted
Flavor: r-release-macos-arm64