CRAN Package Check Results for Package glmmPen

Last updated on 2022-10-05 06:51:22 CEST.

Flavor Version Tinstall Tcheck Ttotal Status Flags
r-devel-linux-x86_64-debian-clang 1.5.1.10 450.90 190.25 641.15 NOTE
r-devel-linux-x86_64-debian-gcc 1.5.1.10 404.14 153.19 557.33 NOTE
r-devel-linux-x86_64-fedora-clang 1.5.1.10 851.73 NOTE
r-devel-linux-x86_64-fedora-gcc 1.5.1.10 998.32 NOTE
r-devel-windows-x86_64 1.5.1.10 893.00 238.00 1131.00 NOTE
r-patched-linux-x86_64 1.5.1.10 410.20 192.74 602.94 OK
r-release-linux-x86_64 1.5.1.10 363.02 199.54 562.56 OK
r-release-macos-arm64 1.5.1.10 194.00 NOTE
r-release-macos-x86_64 1.5.1.10 293.00 NOTE
r-release-windows-x86_64 1.5.1.10 344.00 237.00 581.00 OK
r-oldrel-macos-arm64 1.5.1.10 227.00 NOTE
r-oldrel-macos-x86_64 1.5.1.10 271.00 NOTE
r-oldrel-windows-ix86+x86_64 1.5.1.10 1078.00 295.00 1373.00 NOTE

Check Details

Version: 1.5.1.10
Check: Rd files
Result: NOTE
    checkRd: (-1) basal.Rd:32: Escaped LaTeX specials: \_
    checkRd: (-1) basal.Rd:33: Escaped LaTeX specials: \_ \_ \_
Flavors: r-devel-linux-x86_64-debian-clang, r-devel-linux-x86_64-debian-gcc, r-devel-linux-x86_64-fedora-clang, r-devel-linux-x86_64-fedora-gcc, r-devel-windows-x86_64

Version: 1.5.1.10
Check: dependencies in R code
Result: NOTE
    Namespace in Imports field not imported from: ‘rstantools’
     All declared Imports should be used.
Flavors: r-devel-linux-x86_64-fedora-clang, r-devel-linux-x86_64-fedora-gcc, r-release-macos-arm64, r-release-macos-x86_64, r-oldrel-macos-arm64, r-oldrel-macos-x86_64

Version: 1.5.1.10
Check: installed package size
Result: NOTE
     installed size is 53.9Mb
     sub-directories of 1Mb or more:
     libs 52.9Mb
Flavors: r-release-macos-arm64, r-release-macos-x86_64, r-oldrel-macos-arm64, r-oldrel-macos-x86_64, r-oldrel-windows-ix86+x86_64