CRAN Package Check Results for Package glmmML

Last updated on 2021-10-18 13:53:57 CEST.

Flavor Version Tinstall Tcheck Ttotal Status Flags
r-devel-linux-x86_64-debian-clang 1.1.1 6.01 35.22 41.23 OK
r-devel-linux-x86_64-debian-gcc 1.1.1 4.39 26.98 31.37 OK
r-devel-linux-x86_64-fedora-clang 1.1.1 63.03 NOTE
r-devel-linux-x86_64-fedora-gcc 1.1.1 51.41 OK
r-devel-windows-x86_64 1.1.1 11.00 65.00 76.00 OK
r-devel-windows-x86_64-gcc10-UCRT 1.1.1 OK
r-patched-linux-x86_64 1.1.1 5.36 34.12 39.48 OK
r-patched-solaris-x86 1.1.1 77.90 OK
r-release-linux-x86_64 1.1.1 5.60 33.93 39.53 OK
r-release-macos-arm64 1.1.1 OK
r-release-macos-x86_64 1.1.1 OK
r-release-windows-ix86+x86_64 1.1.1 16.00 77.00 93.00 OK
r-oldrel-macos-x86_64 1.1.1 OK
r-oldrel-windows-ix86+x86_64 1.1.1 22.00 76.00 98.00 OK

Check Details

Version: 1.1.1
Check: Rd cross-references
Result: NOTE
    Undeclared package ‘lme4’ in Rd xrefs
Flavor: r-devel-linux-x86_64-fedora-clang