CRAN Package Check Results for Package gitignore

Last updated on 2021-08-05 01:49:32 CEST.

Flavor Version Tinstall Tcheck Ttotal Status Flags
r-devel-linux-x86_64-debian-clang 0.1.4 1.87 26.98 28.85 NOTE
r-devel-linux-x86_64-debian-gcc 0.1.4 1.59 22.08 23.67 NOTE
r-devel-linux-x86_64-fedora-clang 0.1.4 44.18 NOTE
r-devel-linux-x86_64-fedora-gcc 0.1.4 34.59 NOTE
r-devel-windows-x86_64 0.1.4 4.00 61.00 65.00 NOTE
r-devel-windows-x86_64-gcc10-UCRT 0.1.4 NOTE
r-patched-linux-x86_64 0.1.4 1.81 26.97 28.78 NOTE
r-patched-solaris-x86 0.1.4 52.70 NOTE
r-release-linux-x86_64 0.1.4 1.92 26.95 28.87 NOTE
r-release-macos-arm64 0.1.4 NOTE
r-release-macos-x86_64 0.1.4 NOTE
r-release-windows-ix86+x86_64 0.1.4 6.00 56.00 62.00 NOTE
r-oldrel-macos-x86_64 0.1.4 OK
r-oldrel-windows-ix86+x86_64 0.1.4 4.00 59.00 63.00 OK

Check Details

Version: 0.1.4
Check: LazyData
Result: NOTE
     'LazyData' is specified without a 'data' directory
Flavors: r-devel-linux-x86_64-debian-clang, r-devel-linux-x86_64-debian-gcc, r-devel-linux-x86_64-fedora-clang, r-devel-linux-x86_64-fedora-gcc, r-devel-windows-x86_64, r-devel-windows-x86_64-gcc10-UCRT, r-patched-linux-x86_64, r-patched-solaris-x86, r-release-linux-x86_64, r-release-macos-arm64, r-release-macos-x86_64, r-release-windows-ix86+x86_64