CRAN Package Check Results for Package gitear

Last updated on 2022-11-30 06:53:29 CET.

Flavor Version Tinstall Tcheck Ttotal Status Flags
r-devel-linux-x86_64-debian-clang 1.0.0 6.59 64.36 70.95 NOTE
r-devel-linux-x86_64-debian-gcc 1.0.0 5.27 47.18 52.45 NOTE
r-devel-linux-x86_64-fedora-clang 1.0.0 97.50 NOTE
r-devel-linux-x86_64-fedora-gcc 1.0.0 94.18 NOTE
r-devel-windows-x86_64 1.0.0 35.00 103.00 138.00 NOTE
r-patched-linux-x86_64 1.0.0 6.23 58.60 64.83 NOTE
r-release-linux-x86_64 1.0.0 5.28 59.73 65.01 NOTE
r-release-macos-arm64 1.0.0 29.00 NOTE
r-release-macos-x86_64 1.0.0 51.00 NOTE
r-release-windows-x86_64 1.0.0 51.00 97.00 148.00 NOTE
r-oldrel-macos-arm64 1.0.0 37.00 NOTE
r-oldrel-macos-x86_64 1.0.0 52.00 NOTE
r-oldrel-windows-ix86+x86_64 1.0.0 16.00 85.00 101.00 NOTE

Check Details

Version: 1.0.0
Check: LazyData
Result: NOTE
     'LazyData' is specified without a 'data' directory
Flavors: r-devel-linux-x86_64-debian-clang, r-devel-linux-x86_64-debian-gcc, r-devel-linux-x86_64-fedora-clang, r-devel-linux-x86_64-fedora-gcc, r-devel-windows-x86_64, r-patched-linux-x86_64, r-release-linux-x86_64, r-release-macos-arm64, r-release-macos-x86_64, r-release-windows-x86_64, r-oldrel-macos-arm64, r-oldrel-macos-x86_64, r-oldrel-windows-ix86+x86_64

Version: 1.0.0
Check: dependencies in R code
Result: NOTE
    Namespaces in Imports field not imported from:
     ‘Rcpp’ ‘mockery’
     All declared Imports should be used.
Flavors: r-devel-linux-x86_64-fedora-clang, r-devel-linux-x86_64-fedora-gcc, r-release-macos-arm64, r-release-macos-x86_64, r-oldrel-macos-arm64, r-oldrel-macos-x86_64