CRAN Package Check Results for Package giphyr

Last updated on 2021-06-20 13:48:56 CEST.

Flavor Version Tinstall Tcheck Ttotal Status Flags
r-devel-linux-x86_64-debian-clang 0.2.0 5.74 51.12 56.86 ERROR
r-devel-linux-x86_64-debian-gcc 0.2.0 4.68 39.50 44.18 NOTE
r-devel-linux-x86_64-fedora-clang 0.2.0 77.78 NOTE
r-devel-linux-x86_64-fedora-gcc 0.2.0 64.27 NOTE
r-devel-windows-x86_64 0.2.0 10.00 73.00 83.00 NOTE
r-devel-windows-x86_64-gcc10-UCRT 0.2.0 ERROR
r-patched-linux-x86_64 0.2.0 4.18 48.95 53.13 NOTE
r-patched-solaris-x86 0.2.0 97.30 NOTE
r-release-linux-x86_64 0.2.0 4.62 48.15 52.77 NOTE
r-release-macos-arm64 0.2.0 NOTE
r-release-macos-x86_64 0.2.0 NOTE
r-release-windows-ix86+x86_64 0.2.0 14.00 71.00 85.00 NOTE
r-oldrel-macos-x86_64 0.2.0 OK
r-oldrel-windows-ix86+x86_64 0.2.0 13.00 71.00 84.00 OK

Check Details

Version: 0.2.0
Check: LazyData
Result: NOTE
     'LazyData' is specified without a 'data' directory
Flavors: r-devel-linux-x86_64-debian-clang, r-devel-linux-x86_64-debian-gcc, r-devel-linux-x86_64-fedora-clang, r-devel-linux-x86_64-fedora-gcc, r-devel-windows-x86_64, r-patched-linux-x86_64, r-patched-solaris-x86, r-release-linux-x86_64, r-release-macos-arm64, r-release-macos-x86_64, r-release-windows-ix86+x86_64

Version: 0.2.0
Check: examples
Result: ERROR
    Running examples in 'giphyr-Ex.R' failed
    The error most likely occurred in:
    
    > base::assign(".ptime", proc.time(), pos = "CheckExEnv")
    > ### Name: gif_search
    > ### Title: Search GIFs by key words throught giphy API
    > ### Aliases: gif_search
    >
    > ### ** Examples
    >
    > gif_search("cat")
    Error in curl::curl_fetch_memory(url, handle = handle) :
     Timeout was reached: [api.giphy.com] Resolving timed out after 10000 milliseconds
    Calls: gif_search ... request_fetch -> request_fetch.write_memory -> <Anonymous>
    Execution halted
Flavor: r-devel-linux-x86_64-debian-clang

Version: 0.2.0
Check: package dependencies
Result: ERROR
    Package required but not available: 'httr'
    
    See section 'The DESCRIPTION file' in the 'Writing R Extensions'
    manual.
Flavor: r-devel-windows-x86_64-gcc10-UCRT