CRAN Package Check Results for Package gigg

Last updated on 2021-11-26 19:52:51 CET.

Flavor Version Tinstall Tcheck Ttotal Status Flags
r-devel-linux-x86_64-debian-clang 0.2.1 49.35 27.10 76.45 OK
r-devel-linux-x86_64-debian-gcc 0.2.1 34.41 21.75 56.16 OK
r-devel-linux-x86_64-fedora-clang 0.2.1 124.30 OK
r-devel-linux-x86_64-fedora-gcc 0.2.1 100.58 OK
r-devel-windows-x86_64-new-UL 0.2.1 61.00 89.00 150.00 OK
r-devel-windows-x86_64-new-TK 0.2.1 OK
r-devel-windows-x86_64-old 0.2.1 41.00 61.00 102.00 OK
r-patched-linux-x86_64 0.2.1 40.55 26.53 67.08 OK
r-patched-solaris-x86 0.2.1 107.50 OK
r-release-linux-x86_64 0.2.1 OK
r-release-macos-arm64 0.2.1 NOTE
r-release-macos-x86_64 0.2.1 OK
r-release-windows-ix86+x86_64 0.2.1 111.00 54.00 165.00 OK
r-oldrel-macos-x86_64 0.2.1 OK
r-oldrel-windows-ix86+x86_64 0.2.1 80.00 72.00 152.00 OK

Check Details

Version: 0.2.1
Check: installed package size
Result: NOTE
     installed size is 5.5Mb
     sub-directories of 1Mb or more:
     libs 4.9Mb
Flavor: r-release-macos-arm64