CRAN Package Check Results for Package gifti

Last updated on 2021-08-02 19:50:47 CEST.

Flavor Version Tinstall Tcheck Ttotal Status Flags
r-devel-linux-x86_64-debian-clang 0.8.0 2.73 58.36 61.09 NOTE
r-devel-linux-x86_64-debian-gcc 0.8.0 2.41 46.61 49.02 NOTE
r-devel-linux-x86_64-fedora-clang 0.8.0 81.89 NOTE
r-devel-linux-x86_64-fedora-gcc 0.8.0 72.16 NOTE
r-devel-windows-x86_64 0.8.0 5.00 170.00 175.00 NOTE
r-devel-windows-x86_64-gcc10-UCRT 0.8.0 NOTE
r-patched-linux-x86_64 0.8.0 NOTE
r-patched-solaris-x86 0.8.0 106.80 NOTE
r-release-linux-x86_64 0.8.0 2.96 58.42 61.38 NOTE
r-release-macos-arm64 0.8.0 NOTE
r-release-macos-x86_64 0.8.0 NOTE
r-release-windows-ix86+x86_64 0.8.0 8.00 189.00 197.00 NOTE
r-oldrel-macos-x86_64 0.8.0 OK
r-oldrel-windows-ix86+x86_64 0.8.0 6.00 188.00 194.00 OK

Check Details

Version: 0.8.0
Check: LazyData
Result: NOTE
     'LazyData' is specified without a 'data' directory
Flavors: r-devel-linux-x86_64-debian-clang, r-devel-linux-x86_64-debian-gcc, r-devel-linux-x86_64-fedora-clang, r-devel-linux-x86_64-fedora-gcc, r-devel-windows-x86_64, r-devel-windows-x86_64-gcc10-UCRT, r-patched-linux-x86_64, r-patched-solaris-x86, r-release-linux-x86_64, r-release-macos-arm64, r-release-macos-x86_64, r-release-windows-ix86+x86_64