CRAN Package Check Results for Package gifski

Last updated on 2021-09-16 19:51:31 CEST.

Flavor Version Tinstall Tcheck Ttotal Status Flags
r-devel-linux-x86_64-debian-clang 1.4.3-1 254.39 21.67 276.06 OK
r-devel-linux-x86_64-debian-gcc 1.4.3-1 187.98 17.45 205.43 OK
r-devel-linux-x86_64-fedora-clang 1.4.3-1 372.27 OK
r-devel-linux-x86_64-fedora-gcc 1.4.3-1 359.30 OK
r-devel-windows-x86_64 1.4.3-1 9.00 43.00 52.00 OK
r-devel-windows-x86_64-gcc10-UCRT 1.4.3-1 OK
r-patched-linux-x86_64 1.4.3-1 253.60 21.49 275.09 OK
r-release-linux-x86_64 1.4.3-1 252.29 21.44 273.73 OK
r-release-macos-arm64 1.4.3-1 NOTE
r-release-macos-x86_64 1.4.3-1 NOTE
r-release-windows-ix86+x86_64 1.4.3-1 12.00 49.00 61.00 OK
r-oldrel-macos-x86_64 1.4.3-1 NOTE
r-oldrel-windows-ix86+x86_64 1.4.3-1 11.00 52.00 63.00 OK

Check Details

Version: 1.4.3-1
Check: installed package size
Result: NOTE
     installed size is 6.7Mb
     sub-directories of 1Mb or more:
     libs 6.7Mb
Flavors: r-release-macos-arm64, r-release-macos-x86_64, r-oldrel-macos-x86_64