CRAN Package Check Results for Package giacR

Last updated on 2024-06-22 12:48:28 CEST.

Flavor Version Tinstall Tcheck Ttotal Status Flags
r-devel-linux-x86_64-debian-clang 1.0.1 8.83 35.25 44.08 OK
r-devel-linux-x86_64-debian-gcc 1.0.1 3.38 26.73 30.11 OK
r-devel-linux-x86_64-fedora-clang 1.0.1 50.41 NOTE
r-devel-linux-x86_64-fedora-gcc 1.0.1 45.97 OK
r-devel-windows-x86_64 1.0.1 8.00 48.00 56.00 NOTE
r-patched-linux-x86_64 1.0.1 7.44 33.51 40.95 OK
r-release-linux-x86_64 1.0.1 8.16 33.39 41.55 OK
r-release-macos-arm64 1.0.1 36.00 NOTE
r-release-macos-x86_64 1.0.1 47.00 NOTE
r-release-windows-x86_64 1.0.1 9.00 48.00 57.00 NOTE
r-oldrel-macos-arm64 1.0.1 41.00 NOTE
r-oldrel-macos-x86_64 1.0.1 60.00 NOTE
r-oldrel-windows-x86_64 1.0.1 10.00 49.00 59.00 NOTE

Check Details

Version: 1.0.1
Check: installed package size
Result: NOTE installed size is 18.2Mb sub-directories of 1Mb or more: Giac 18.0Mb Flavors: r-devel-linux-x86_64-fedora-clang, r-devel-windows-x86_64, r-release-macos-arm64, r-release-macos-x86_64, r-release-windows-x86_64, r-oldrel-macos-arm64, r-oldrel-macos-x86_64, r-oldrel-windows-x86_64