Last updated on 2023-06-08 18:54:16 CEST.
Flavor | Version | Tinstall | Tcheck | Ttotal | Status | Flags |
---|---|---|---|---|---|---|
r-devel-linux-x86_64-debian-clang | 1.1.0 | 32.61 | 274.96 | 307.57 | OK | |
r-devel-linux-x86_64-debian-gcc | 1.1.0 | 25.69 | 197.89 | 223.58 | OK | |
r-devel-linux-x86_64-fedora-clang | 1.1.0 | 378.61 | NOTE | |||
r-devel-linux-x86_64-fedora-gcc | 1.1.0 | 376.41 | NOTE | |||
r-devel-windows-x86_64 | 1.1.0 | 28.00 | 238.00 | 266.00 | OK | |
r-patched-linux-x86_64 | 1.1.0 | 27.90 | 256.64 | 284.54 | OK | |
r-release-linux-x86_64 | 1.1.0 | 33.68 | 254.10 | 287.78 | OK | |
r-release-macos-arm64 | 1.1.0 | 119.00 | OK | |||
r-release-macos-x86_64 | 1.1.0 | 179.00 | OK | |||
r-release-windows-x86_64 | 1.1.0 | 38.00 | 280.00 | 318.00 | OK | |
r-oldrel-macos-arm64 | 1.1.0 | 96.00 | NOTE | |||
r-oldrel-macos-x86_64 | 1.1.0 | 165.00 | NOTE | |||
r-oldrel-windows-x86_64 | 1.1.0 | 38.00 | 270.00 | 308.00 | OK |
Version: 1.1.0
Check: dependencies in R code
Result: NOTE
Namespace in Imports field not imported from: ‘methods’
All declared Imports should be used.
Flavors: r-devel-linux-x86_64-fedora-clang, r-devel-linux-x86_64-fedora-gcc, r-oldrel-macos-arm64, r-oldrel-macos-x86_64
Version: 1.1.0
Check: data for non-ASCII characters
Result: NOTE
Note: found 11 marked UTF-8 strings
Flavors: r-devel-linux-x86_64-fedora-clang, r-devel-linux-x86_64-fedora-gcc, r-oldrel-macos-arm64, r-oldrel-macos-x86_64