Last updated on 2022-05-18 00:53:14 CEST.
Flavor | Version | Tinstall | Tcheck | Ttotal | Status | Flags |
---|---|---|---|---|---|---|
r-devel-linux-x86_64-debian-clang | 1.1.0 | 33.87 | 298.03 | 331.90 | OK | |
r-devel-linux-x86_64-debian-gcc | 1.1.0 | 27.18 | 207.43 | 234.61 | OK | |
r-devel-linux-x86_64-fedora-clang | 1.1.0 | 371.43 | NOTE | |||
r-devel-linux-x86_64-fedora-gcc | 1.1.0 | 368.52 | NOTE | |||
r-devel-windows-x86_64 | 1.1.0 | 86.00 | 312.00 | 398.00 | OK | |
r-patched-linux-x86_64 | 1.1.0 | 31.62 | 271.45 | 303.07 | OK | |
r-release-linux-x86_64 | 1.1.0 | 33.68 | 276.14 | 309.82 | OK | |
r-release-macos-arm64 | 1.1.0 | 96.00 | NOTE | |||
r-release-macos-x86_64 | 1.1.0 | 165.00 | NOTE | |||
r-release-windows-x86_64 | 1.1.0 | 88.00 | 321.00 | 409.00 | OK | |
r-oldrel-macos-arm64 | 1.1.0 | 105.00 | NOTE | |||
r-oldrel-macos-x86_64 | 1.1.0 | 126.00 | NOTE | |||
r-oldrel-windows-ix86+x86_64 | 1.1.0 | 57.00 | 331.00 | 388.00 | OK |
Version: 1.1.0
Check: dependencies in R code
Result: NOTE
Namespace in Imports field not imported from: ‘methods’
All declared Imports should be used.
Flavors: r-devel-linux-x86_64-fedora-clang, r-devel-linux-x86_64-fedora-gcc, r-release-macos-arm64, r-release-macos-x86_64, r-oldrel-macos-arm64, r-oldrel-macos-x86_64
Version: 1.1.0
Check: data for non-ASCII characters
Result: NOTE
Note: found 11 marked UTF-8 strings
Flavors: r-devel-linux-x86_64-fedora-clang, r-devel-linux-x86_64-fedora-gcc, r-release-macos-arm64, r-release-macos-x86_64, r-oldrel-macos-arm64, r-oldrel-macos-x86_64