CRAN Package Check Results for Package ggspatial

Last updated on 2021-10-22 20:49:01 CEST.

Flavor Version Tinstall Tcheck Ttotal Status Flags
r-devel-linux-x86_64-debian-clang 1.1.5 11.09 139.44 150.53 NOTE
r-devel-linux-x86_64-debian-gcc 1.1.5 8.83 106.25 115.08 NOTE
r-devel-linux-x86_64-fedora-clang 1.1.5 204.39 NOTE
r-devel-linux-x86_64-fedora-gcc 1.1.5 189.03 NOTE
r-devel-windows-x86_64 1.1.5 17.00 201.00 218.00 NOTE
r-devel-windows-x86_64-gcc10-UCRT 1.1.5 NOTE
r-patched-linux-x86_64 1.1.5 17.38 130.16 147.54 NOTE
r-patched-solaris-x86 1.1.5 217.20 NOTE
r-release-linux-x86_64 1.1.5 7.52 132.13 139.65 NOTE
r-release-macos-arm64 1.1.5 NOTE
r-release-macos-x86_64 1.1.5 NOTE
r-release-windows-ix86+x86_64 1.1.5 18.00 188.00 206.00 NOTE
r-oldrel-macos-x86_64 1.1.5 OK
r-oldrel-windows-ix86+x86_64 1.1.5 23.00 162.00 185.00 OK

Check Details

Version: 1.1.5
Check: LazyData
Result: NOTE
     'LazyData' is specified without a 'data' directory
Flavors: r-devel-linux-x86_64-debian-clang, r-devel-linux-x86_64-debian-gcc, r-devel-linux-x86_64-fedora-clang, r-devel-linux-x86_64-fedora-gcc, r-devel-windows-x86_64, r-devel-windows-x86_64-gcc10-UCRT, r-patched-linux-x86_64, r-patched-solaris-x86, r-release-linux-x86_64, r-release-macos-arm64, r-release-macos-x86_64, r-release-windows-ix86+x86_64