CRAN Package Check Results for Package ggshadow

Last updated on 2021-11-26 19:52:51 CET.

Flavor Version Tinstall Tcheck Ttotal Status Flags
r-devel-linux-x86_64-debian-clang 0.0.2 6.21 61.92 68.13 NOTE
r-devel-linux-x86_64-debian-gcc 0.0.2 4.65 45.58 50.23 NOTE
r-devel-linux-x86_64-fedora-clang 0.0.2 92.03 NOTE
r-devel-linux-x86_64-fedora-gcc 0.0.2 77.41 NOTE
r-devel-windows-x86_64-new-UL 0.0.2 16.00 134.00 150.00 NOTE
r-devel-windows-x86_64-new-TK 0.0.2 NOTE
r-devel-windows-x86_64-old 0.0.2 9.00 101.00 110.00 NOTE
r-patched-linux-x86_64 0.0.2 6.16 54.75 60.91 NOTE
r-patched-solaris-x86 0.0.2 100.10 NOTE
r-release-linux-x86_64 0.0.2 NOTE
r-release-macos-arm64 0.0.2 NOTE
r-release-macos-x86_64 0.0.2 NOTE
r-release-windows-ix86+x86_64 0.0.2 16.00 73.00 89.00 NOTE
r-oldrel-macos-x86_64 0.0.2 OK
r-oldrel-windows-ix86+x86_64 0.0.2 27.00 95.00 122.00 OK

Check Details

Version: 0.0.2
Check: LazyData
Result: NOTE
     'LazyData' is specified without a 'data' directory
Flavors: r-devel-linux-x86_64-debian-clang, r-devel-linux-x86_64-debian-gcc, r-devel-linux-x86_64-fedora-clang, r-devel-linux-x86_64-fedora-gcc, r-devel-windows-x86_64-new-UL, r-devel-windows-x86_64-new-TK, r-devel-windows-x86_64-old, r-patched-linux-x86_64, r-patched-solaris-x86, r-release-linux-x86_64, r-release-macos-arm64, r-release-macos-x86_64, r-release-windows-ix86+x86_64

Version: 0.0.2
Check: Rd cross-references
Result: NOTE
    Undeclared package ‘RColorBrewer’ in Rd xrefs
Flavor: r-devel-linux-x86_64-fedora-clang