CRAN Package Check Results for Package ggseg

Last updated on 2022-09-29 12:55:27 CEST.

Flavor Version Tinstall Tcheck Ttotal Status Flags
r-devel-linux-x86_64-debian-clang 1.6.5 11.22 207.14 218.36 NOTE
r-devel-linux-x86_64-debian-gcc 1.6.5 8.38 149.09 157.47 NOTE
r-devel-linux-x86_64-fedora-clang 1.6.5 267.15 NOTE
r-devel-linux-x86_64-fedora-gcc 1.6.5 264.50 NOTE
r-devel-windows-x86_64 1.6.5 33.00 236.00 269.00 NOTE
r-patched-linux-x86_64 1.6.5 8.17 188.12 196.29 OK
r-release-linux-x86_64 1.6.5 7.85 185.89 193.74 OK
r-release-macos-arm64 1.6.5 83.00 OK
r-release-macos-x86_64 1.6.5 102.00 OK
r-release-windows-x86_64 1.6.5 41.00 242.00 283.00 OK
r-oldrel-macos-arm64 1.6.5 76.00 OK
r-oldrel-macos-x86_64 1.6.5 104.00 OK
r-oldrel-windows-ix86+x86_64 1.6.5 23.00 227.00 250.00 OK

Check Details

Version: 1.6.5
Check: package subdirectories
Result: NOTE
    Problems with news in 'NEWS.md':
     Cannot extract version info from the following section titles:
     * Changes all data options to .data to decrease possibility of column naming overlap
Flavors: r-devel-linux-x86_64-debian-clang, r-devel-linux-x86_64-debian-gcc, r-devel-linux-x86_64-fedora-clang, r-devel-linux-x86_64-fedora-gcc, r-devel-windows-x86_64