CRAN Package Check Results for Package ggseg

Last updated on 2023-10-03 13:07:33 CEST.

Flavor Version Tinstall Tcheck Ttotal Status Flags
r-devel-linux-x86_64-debian-clang 1.6.5 11.25 189.14 200.39 NOTE
r-devel-linux-x86_64-debian-gcc 1.6.5 7.13 139.71 146.84 NOTE
r-devel-linux-x86_64-fedora-clang 1.6.5 239.13 NOTE
r-devel-linux-x86_64-fedora-gcc 1.6.5 261.48 NOTE
r-devel-windows-x86_64 1.6.5 10.00 152.00 162.00 NOTE
r-patched-linux-x86_64 1.6.5 6.60 181.60 188.20 NOTE
r-release-linux-x86_64 1.6.5 9.77 180.14 189.91 NOTE
r-release-macos-arm64 1.6.5 76.00 NOTE
r-release-macos-x86_64 1.6.5 128.00 NOTE
r-release-windows-x86_64 1.6.5 14.00 193.00 207.00 NOTE
r-oldrel-macos-arm64 1.6.5 83.00 OK
r-oldrel-macos-x86_64 1.6.5 102.00 OK
r-oldrel-windows-x86_64 1.6.5 13.00 196.00 209.00 OK

Check Details

Version: 1.6.5
Check: package subdirectories
Result: NOTE
    Problems with news in ‘NEWS.md’:
     Cannot extract version info from the following section titles:
     * Changes all data options to .data to decrease possibility of column naming overlap
Flavors: r-devel-linux-x86_64-debian-clang, r-devel-linux-x86_64-debian-gcc, r-devel-linux-x86_64-fedora-clang, r-devel-linux-x86_64-fedora-gcc, r-devel-windows-x86_64, r-patched-linux-x86_64, r-release-linux-x86_64, r-release-macos-arm64, r-release-macos-x86_64, r-release-windows-x86_64