CRAN Package Check Results for Package ggseas

Last updated on 2021-10-18 13:53:57 CEST.

Flavor Version Tinstall Tcheck Ttotal Status Flags
r-devel-linux-x86_64-debian-clang 0.5.4 6.10 87.23 93.33 OK
r-devel-linux-x86_64-debian-gcc 0.5.4 4.98 65.14 70.12 OK
r-devel-linux-x86_64-fedora-clang 0.5.4 121.33 OK
r-devel-linux-x86_64-fedora-gcc 0.5.4 107.38 OK
r-devel-windows-x86_64 0.5.4 12.00 124.00 136.00 OK
r-devel-windows-x86_64-gcc10-UCRT 0.5.4 OK
r-patched-linux-x86_64 0.5.4 10.94 80.79 91.73 OK
r-patched-solaris-x86 0.5.4 5.40 ERROR
r-release-linux-x86_64 0.5.4 7.51 81.09 88.60 OK
r-release-macos-arm64 0.5.4 OK
r-release-macos-x86_64 0.5.4 OK
r-release-windows-ix86+x86_64 0.5.4 19.00 115.00 134.00 OK
r-oldrel-macos-x86_64 0.5.4 OK
r-oldrel-windows-ix86+x86_64 0.5.4 21.00 114.00 135.00 OK

Check Details

Version: 0.5.4
Check: package dependencies
Result: ERROR
    Package required but not available: ‘seasonal’
    
    See section ‘The DESCRIPTION file’ in the ‘Writing R Extensions’
    manual.
Flavor: r-patched-solaris-x86