CRAN Package Check Results for Package ggrasp

Last updated on 2022-09-29 21:49:06 CEST.

Flavor Version Tinstall Tcheck Ttotal Status Flags
r-devel-linux-x86_64-debian-clang 1.2 20.18 132.67 152.85 OK
r-devel-linux-x86_64-debian-gcc 1.2 13.71 99.07 112.78 OK
r-devel-linux-x86_64-fedora-clang 1.2 197.23 NOTE
r-devel-linux-x86_64-fedora-gcc 1.2 197.46 OK
r-devel-windows-x86_64 1.2 27.00 147.00 174.00 NOTE
r-patched-linux-x86_64 1.2 18.70 124.56 143.26 OK
r-release-linux-x86_64 1.2 16.19 123.90 140.09 OK
r-release-macos-arm64 1.2 55.00 NOTE
r-release-macos-x86_64 1.2 75.00 NOTE
r-release-windows-x86_64 1.2 26.00 150.00 176.00 NOTE
r-oldrel-macos-arm64 1.2 50.00 NOTE
r-oldrel-macos-x86_64 1.2 73.00 NOTE
r-oldrel-windows-ix86+x86_64 1.2 43.00 142.00 185.00 NOTE

Check Details

Version: 1.2
Check: installed package size
Result: NOTE
     installed size is 9.4Mb
     sub-directories of 1Mb or more:
     extdata 9.1Mb
Flavors: r-devel-linux-x86_64-fedora-clang, r-devel-windows-x86_64, r-release-macos-arm64, r-release-macos-x86_64, r-release-windows-x86_64, r-oldrel-macos-arm64, r-oldrel-macos-x86_64, r-oldrel-windows-ix86+x86_64