Last updated on 2023-02-03 12:56:01 CET.
Flavor | Version | Tinstall | Tcheck | Ttotal | Status | Flags |
---|---|---|---|---|---|---|
r-devel-linux-x86_64-debian-clang | 1.0.0 | 12.74 | 274.59 | 287.33 | NOTE | |
r-devel-linux-x86_64-debian-gcc | 1.0.0 | 10.46 | 187.93 | 198.39 | NOTE | |
r-devel-linux-x86_64-fedora-clang | 1.0.0 | 331.21 | NOTE | |||
r-devel-linux-x86_64-fedora-gcc | 1.0.0 | 377.44 | NOTE | |||
r-devel-windows-x86_64 | 1.0.0 | 26.00 | 303.00 | 329.00 | NOTE | |
r-patched-linux-x86_64 | 1.0.0 | 18.26 | 252.28 | 270.54 | NOTE | |
r-release-linux-x86_64 | 1.0.0 | 9.16 | 244.61 | 253.77 | NOTE | |
r-release-macos-arm64 | 1.0.0 | 102.00 | NOTE | |||
r-release-macos-x86_64 | 1.0.0 | 191.00 | NOTE | |||
r-release-windows-x86_64 | 1.0.0 | 33.00 | 299.00 | 332.00 | NOTE | |
r-oldrel-macos-arm64 | 1.0.0 | 150.00 | NOTE | |||
r-oldrel-macos-x86_64 | 1.0.0 | 158.00 | NOTE | |||
r-oldrel-windows-ix86+x86_64 | 1.0.0 | 29.00 | 275.00 | 304.00 | NOTE |
Version: 1.0.0
Check: LazyData
Result: NOTE
'LazyData' is specified without a 'data' directory
Flavors: r-devel-linux-x86_64-debian-clang, r-devel-linux-x86_64-debian-gcc, r-devel-linux-x86_64-fedora-clang, r-devel-linux-x86_64-fedora-gcc, r-devel-windows-x86_64, r-patched-linux-x86_64, r-release-linux-x86_64, r-release-macos-arm64, r-release-macos-x86_64, r-release-windows-x86_64, r-oldrel-macos-arm64, r-oldrel-macos-x86_64, r-oldrel-windows-ix86+x86_64
Version: 1.0.0
Check: dependencies in R code
Result: NOTE
Namespace in Imports field not imported from: ‘survival’
All declared Imports should be used.
Flavors: r-devel-linux-x86_64-fedora-clang, r-devel-linux-x86_64-fedora-gcc, r-release-macos-arm64, r-release-macos-x86_64, r-oldrel-macos-arm64, r-oldrel-macos-x86_64