CRAN Package Check Results for Package ggmosaic

Last updated on 2022-10-04 00:51:36 CEST.

Flavor Version Tinstall Tcheck Ttotal Status Flags
r-devel-linux-x86_64-debian-clang 0.3.3 10.68 108.59 119.27 OK
r-devel-linux-x86_64-debian-gcc 0.3.3 7.74 78.94 86.68 OK
r-devel-linux-x86_64-fedora-clang 0.3.3 153.70 NOTE
r-devel-linux-x86_64-fedora-gcc 0.3.3 152.77 NOTE
r-devel-windows-x86_64 0.3.3 36.00 141.00 177.00 OK
r-patched-linux-x86_64 0.3.3 10.10 96.65 106.75 OK
r-release-linux-x86_64 0.3.3 10.41 96.73 107.14 OK
r-release-macos-arm64 0.3.3 41.00 NOTE
r-release-macos-x86_64 0.3.3 72.00 NOTE
r-release-windows-x86_64 0.3.3 32.00 131.00 163.00 OK
r-oldrel-macos-arm64 0.3.3 56.00 NOTE
r-oldrel-macos-x86_64 0.3.3 55.00 NOTE
r-oldrel-windows-ix86+x86_64 0.3.3 24.00 124.00 148.00 OK

Check Details

Version: 0.3.3
Check: dependencies in R code
Result: NOTE
    Namespaces in Imports field not imported from:
     ‘productplots’ ‘scales’
     All declared Imports should be used.
Flavors: r-devel-linux-x86_64-fedora-clang, r-devel-linux-x86_64-fedora-gcc, r-release-macos-arm64, r-release-macos-x86_64, r-oldrel-macos-arm64, r-oldrel-macos-x86_64