CRAN Package Check Results for Package ggip

Last updated on 2021-09-24 01:50:05 CEST.

Flavor Version Tinstall Tcheck Ttotal Status Flags
r-devel-linux-x86_64-debian-clang 0.2.0 41.85 73.33 115.18 NOTE
r-devel-linux-x86_64-debian-gcc 0.2.0 27.65 54.87 82.52 NOTE
r-devel-linux-x86_64-fedora-clang 0.2.0 153.95 NOTE
r-devel-linux-x86_64-fedora-gcc 0.2.0 134.88 NOTE
r-devel-windows-x86_64 0.2.0 43.00 77.00 120.00 NOTE
r-devel-windows-x86_64-gcc10-UCRT 0.2.0 NOTE
r-patched-linux-x86_64 0.2.0 33.13 69.20 102.33 NOTE
r-patched-solaris-x86 0.2.0 164.60 NOTE
r-release-linux-x86_64 0.2.0 27.64 69.04 96.68 NOTE
r-release-macos-arm64 0.2.0 NOTE
r-release-macos-x86_64 0.2.0 NOTE
r-release-windows-ix86+x86_64 0.2.0 98.00 102.00 200.00 NOTE
r-oldrel-macos-x86_64 0.2.0 OK
r-oldrel-windows-ix86+x86_64 0.2.0 68.00 105.00 173.00 OK

Check Details

Version: 0.2.0
Check: LazyData
Result: NOTE
     'LazyData' is specified without a 'data' directory
Flavors: r-devel-linux-x86_64-debian-clang, r-devel-linux-x86_64-debian-gcc, r-devel-linux-x86_64-fedora-clang, r-devel-linux-x86_64-fedora-gcc, r-devel-windows-x86_64, r-devel-windows-x86_64-gcc10-UCRT, r-patched-linux-x86_64, r-patched-solaris-x86, r-release-linux-x86_64, r-release-macos-arm64, r-release-macos-x86_64, r-release-windows-ix86+x86_64