CRAN Package Check Results for Package gginnards

Last updated on 2021-08-05 01:49:32 CEST.

Flavor Version Tinstall Tcheck Ttotal Status Flags
r-devel-linux-x86_64-debian-clang 0.1.0-1 4.48 85.73 90.21 OK
r-devel-linux-x86_64-debian-gcc 0.1.0-1 3.76 63.66 67.42 OK
r-devel-linux-x86_64-fedora-clang 0.1.0-1 116.50 OK
r-devel-linux-x86_64-fedora-gcc 0.1.0-1 103.80 OK
r-devel-windows-x86_64 0.1.0 7.00 111.00 118.00 OK
r-devel-windows-x86_64-gcc10-UCRT 0.1.0-1 OK
r-patched-linux-x86_64 0.1.0-1 7.93 82.11 90.04 OK
r-patched-solaris-x86 0.1.0-1 126.00 OK
r-release-linux-x86_64 0.1.0-1 4.51 78.34 82.85 OK
r-release-macos-arm64 0.1.0-1 WARN
r-release-macos-x86_64 0.1.0-1 OK
r-release-windows-ix86+x86_64 0.1.0 13.00 109.00 122.00 OK
r-oldrel-macos-x86_64 0.1.0-1 OK
r-oldrel-windows-ix86+x86_64 0.1.0-1 13.00 108.00 121.00 OK

Check Details

Version: 0.1.0-1
Check: re-building of vignette outputs
Result: WARN
    Error(s) in re-building vignettes:
     ...
    --- re-building ‘user-guide-1.Rmd’ using rmarkdown
    Warning in engine$weave(file, quiet = quiet, encoding = enc) :
     Pandoc (>= 1.12.3) not available. Falling back to R Markdown v1.
    Quitting from lines 178-181 (user-guide-1.Rmd)
    Error: processing vignette 'user-guide-1.Rmd' failed with diagnostics:
    polygon edge not found
    --- failed re-building ‘user-guide-1.Rmd’
    
    --- re-building ‘user-guide-2.Rmd’ using rmarkdown
    Warning in engine$weave(file, quiet = quiet, encoding = enc) :
     Pandoc (>= 1.12.3) not available. Falling back to R Markdown v1.
    Quitting from lines 112-118 (user-guide-2.Rmd)
    Error: processing vignette 'user-guide-2.Rmd' failed with diagnostics:
    polygon edge not found
    --- failed re-building ‘user-guide-2.Rmd’
    
    SUMMARY: processing the following files failed:
     ‘user-guide-1.Rmd’ ‘user-guide-2.Rmd’
    
    Error: Vignette re-building failed.
    Execution halted
Flavor: r-release-macos-arm64