CRAN Package Check Results for Package gghighlight

Last updated on 2021-08-05 01:49:32 CEST.

Flavor Version Tinstall Tcheck Ttotal Status Flags
r-devel-linux-x86_64-debian-clang 0.3.2 5.74 87.72 93.46 OK
r-devel-linux-x86_64-debian-gcc 0.3.2 4.01 65.68 69.69 OK
r-devel-linux-x86_64-fedora-clang 0.3.2 118.50 OK
r-devel-linux-x86_64-fedora-gcc 0.3.2 105.75 OK
r-devel-windows-x86_64 0.3.2 8.00 108.00 116.00 OK
r-devel-windows-x86_64-gcc10-UCRT 0.3.2 OK
r-patched-linux-x86_64 0.3.2 6.35 83.64 89.99 OK
r-patched-solaris-x86 0.3.2 144.30 OK
r-release-linux-x86_64 0.3.2 3.95 80.52 84.47 OK
r-release-macos-arm64 0.3.2 WARN
r-release-macos-x86_64 0.3.2 OK
r-release-windows-ix86+x86_64 0.3.2 13.00 107.00 120.00 OK
r-oldrel-macos-x86_64 0.3.2 OK
r-oldrel-windows-ix86+x86_64 0.3.2 16.00 111.00 127.00 OK

Check Details

Version: 0.3.2
Check: re-building of vignette outputs
Result: WARN
    Error(s) in re-building vignettes:
     ...
    --- re-building ‘gghighlight.Rmd’ using rmarkdown
    Warning in engine$weave(file, quiet = quiet, encoding = enc) :
     Pandoc (>= 1.12.3) not available. Falling back to R Markdown v1.
    Quitting from lines 39-43 (gghighlight.Rmd)
    Error: processing vignette 'gghighlight.Rmd' failed with diagnostics:
    polygon edge not found
    --- failed re-building ‘gghighlight.Rmd’
    
    SUMMARY: processing the following file failed:
     ‘gghighlight.Rmd’
    
    Error: Vignette re-building failed.
    Execution halted
Flavor: r-release-macos-arm64