CRAN Package Check Results for Package ggh4x

Last updated on 2021-11-26 19:52:51 CET.

Flavor Version Tinstall Tcheck Ttotal Status Flags
r-devel-linux-x86_64-debian-clang 0.2.0 16.06 267.42 283.48 ERROR
r-devel-linux-x86_64-debian-gcc 0.2.1 11.66 190.46 202.12 OK
r-devel-linux-x86_64-fedora-clang 0.2.1 352.68 OK
r-devel-linux-x86_64-fedora-gcc 0.2.1 346.90 OK
r-devel-windows-x86_64-new-UL 0.2.1 36.00 288.00 324.00 OK
r-devel-windows-x86_64-new-TK 0.2.0 OK
r-devel-windows-x86_64-old 0.2.0 18.00 323.00 341.00 ERROR
r-patched-linux-x86_64 0.2.1 15.84 241.72 257.56 OK
r-patched-solaris-x86 0.2.1 273.10 OK
r-release-linux-x86_64 0.2.0 OK
r-release-macos-arm64 0.2.0 OK
r-release-macos-x86_64 0.2.1 OK
r-release-windows-ix86+x86_64 0.2.0 30.00 211.00 241.00 OK
r-oldrel-macos-x86_64 0.2.1 OK
r-oldrel-windows-ix86+x86_64 0.2.1 22.00 216.00 238.00 OK

Check Details

Version: 0.2.0
Check: tests
Result: ERROR
     Running 'testthat.R' [64s/76s]
    Running the tests in 'tests/testthat.R' failed.
    Complete output:
     > library(testthat)
     > library(ggh4x)
     Loading required package: ggplot2
     >
     > test_check("ggh4x")
     == Failed tests ================================================================
     -- Failure (test-guide_axis_manual.R:133:3): guide_axis_manual can be placed at every position --
     left$grobs[[1]]$children[[1]]$gp$fontface not equal to rep("bold", 4).
     target is NULL, current is character
    
     [ FAIL 1 | WARN 1 | SKIP 0 | PASS 743 ]
     Error: Test failures
     Execution halted
Flavor: r-devel-linux-x86_64-debian-clang

Version: 0.2.0
Check: tests
Result: ERROR
     Running 'testthat.R' [72s]
    Running the tests in 'tests/testthat.R' failed.
    Complete output:
     > library(testthat)
     > library(ggh4x)
     Loading required package: ggplot2
     >
     > test_check("ggh4x")
     == Failed tests ================================================================
     -- Failure (test-guide_axis_manual.R:133:3): guide_axis_manual can be placed at every position --
     left$grobs[[1]]$children[[1]]$gp$fontface not equal to rep("bold", 4).
     target is NULL, current is character
    
     [ FAIL 1 | WARN 1 | SKIP 0 | PASS 743 ]
     Error: Test failures
     Execution halted
Flavor: r-devel-windows-x86_64-old