CRAN Package Check Results for Package ggeasy

Last updated on 2021-11-26 19:52:51 CET.

Flavor Version Tinstall Tcheck Ttotal Status Flags
r-devel-linux-x86_64-debian-clang 0.1.3 4.75 71.42 76.17 NOTE
r-devel-linux-x86_64-debian-gcc 0.1.3 3.63 52.84 56.47 NOTE
r-devel-linux-x86_64-fedora-clang 0.1.3 98.11 NOTE
r-devel-linux-x86_64-fedora-gcc 0.1.3 86.24 NOTE
r-devel-windows-x86_64-new-UL 0.1.3 15.00 121.00 136.00 NOTE
r-devel-windows-x86_64-new-TK 0.1.3 NOTE
r-devel-windows-x86_64-old 0.1.3 7.00 98.00 105.00 NOTE
r-patched-linux-x86_64 0.1.3 4.95 63.72 68.67 NOTE
r-patched-solaris-x86 0.1.3 107.90 NOTE
r-release-linux-x86_64 0.1.3 NOTE
r-release-macos-arm64 0.1.3 NOTE
r-release-macos-x86_64 0.1.3 NOTE
r-release-windows-ix86+x86_64 0.1.3 14.00 66.00 80.00 NOTE
r-oldrel-macos-x86_64 0.1.3 OK
r-oldrel-windows-ix86+x86_64 0.1.3 10.00 88.00 98.00 OK

Check Details

Version: 0.1.3
Check: LazyData
Result: NOTE
     'LazyData' is specified without a 'data' directory
Flavors: r-devel-linux-x86_64-debian-clang, r-devel-linux-x86_64-debian-gcc, r-devel-linux-x86_64-fedora-clang, r-devel-linux-x86_64-fedora-gcc, r-devel-windows-x86_64-new-UL, r-devel-windows-x86_64-new-TK, r-devel-windows-x86_64-old, r-patched-linux-x86_64, r-patched-solaris-x86, r-release-linux-x86_64, r-release-macos-arm64, r-release-macos-x86_64, r-release-windows-ix86+x86_64