CRAN Package Check Results for Package ggdark

Last updated on 2021-10-21 07:49:55 CEST.

Flavor Version Tinstall Tcheck Ttotal Status Flags
r-devel-linux-x86_64-debian-clang 0.2.1 3.80 49.66 53.46 NOTE
r-devel-linux-x86_64-debian-gcc 0.2.1 3.37 37.43 40.80 NOTE
r-devel-linux-x86_64-fedora-clang 0.2.1 74.70 NOTE
r-devel-linux-x86_64-fedora-gcc 0.2.1 62.18 NOTE
r-devel-windows-x86_64 0.2.1 8.00 69.00 77.00 NOTE
r-devel-windows-x86_64-gcc10-UCRT 0.2.1 NOTE
r-patched-linux-x86_64 0.2.1 4.23 47.04 51.27 NOTE
r-patched-solaris-x86 0.2.1 90.60 NOTE
r-release-linux-x86_64 0.2.1 4.12 46.19 50.31 NOTE
r-release-macos-arm64 0.2.1 NOTE
r-release-macos-x86_64 0.2.1 NOTE
r-release-windows-ix86+x86_64 0.2.1 13.00 67.00 80.00 NOTE
r-oldrel-macos-x86_64 0.2.1 OK
r-oldrel-windows-ix86+x86_64 0.2.1 13.00 69.00 82.00 OK

Check Details

Version: 0.2.1
Check: LazyData
Result: NOTE
     'LazyData' is specified without a 'data' directory
Flavors: r-devel-linux-x86_64-debian-clang, r-devel-linux-x86_64-debian-gcc, r-devel-linux-x86_64-fedora-clang, r-devel-linux-x86_64-fedora-gcc, r-devel-windows-x86_64, r-devel-windows-x86_64-gcc10-UCRT, r-patched-linux-x86_64, r-patched-solaris-x86, r-release-linux-x86_64, r-release-macos-arm64, r-release-macos-x86_64, r-release-windows-ix86+x86_64