Last updated on 2023-02-02 00:54:47 CET.
Flavor | Version | Tinstall | Tcheck | Ttotal | Status | Flags |
---|---|---|---|---|---|---|
r-devel-linux-x86_64-debian-clang | 1.3.4 | 32.73 | 311.98 | 344.71 | NOTE | |
r-devel-linux-x86_64-debian-gcc | 1.3.4 | 31.25 | 222.15 | 253.40 | NOTE | |
r-devel-linux-x86_64-fedora-clang | 1.3.4 | 419.22 | NOTE | |||
r-devel-linux-x86_64-fedora-gcc | 1.3.4 | 429.11 | NOTE | |||
r-devel-windows-x86_64 | 1.3.4 | 54.00 | 322.00 | 376.00 | NOTE | |
r-patched-linux-x86_64 | 1.3.4 | 31.73 | 292.62 | 324.35 | NOTE | |
r-release-linux-x86_64 | 1.3.4 | 31.19 | 302.32 | 333.51 | NOTE | |
r-release-macos-arm64 | 1.3.4 | 96.00 | NOTE | |||
r-release-macos-x86_64 | 1.3.4 | 124.00 | NOTE | |||
r-release-windows-x86_64 | 1.3.4 | 57.00 | 329.00 | 386.00 | NOTE | |
r-oldrel-macos-arm64 | 1.3.4 | 99.00 | NOTE | |||
r-oldrel-macos-x86_64 | 1.3.4 | 123.00 | NOTE | |||
r-oldrel-windows-ix86+x86_64 | 1.3.4 | 77.00 | 305.00 | 382.00 | NOTE |
Version: 1.3.4
Check: package dependencies
Result: NOTE
Package suggested but not available for checking: ‘ggOceanMapsData’
Flavors: r-devel-linux-x86_64-debian-clang, r-devel-linux-x86_64-debian-gcc, r-devel-linux-x86_64-fedora-clang, r-devel-linux-x86_64-fedora-gcc, r-devel-windows-x86_64, r-patched-linux-x86_64, r-release-linux-x86_64, r-release-macos-arm64, r-release-macos-x86_64, r-release-windows-x86_64, r-oldrel-macos-arm64, r-oldrel-macos-x86_64, r-oldrel-windows-ix86+x86_64