CRAN Package Check Results for Package gfonts

Last updated on 2024-04-16 12:51:31 CEST.

Flavor Version Tinstall Tcheck Ttotal Status Flags
r-devel-linux-x86_64-debian-clang 0.2.0 5.27 55.04 60.31 NOTE
r-devel-linux-x86_64-debian-gcc 0.2.0 4.53 41.49 46.02 NOTE
r-devel-linux-x86_64-fedora-clang 0.2.0 74.02 NOTE
r-devel-linux-x86_64-fedora-gcc 0.2.0 86.96 NOTE
r-prerel-macos-arm64 0.2.0 38.00 NOTE
r-prerel-windows-x86_64 0.2.0 7.00 63.00 70.00 NOTE
r-patched-linux-x86_64 0.2.0 4.39 51.86 56.25 NOTE
r-release-linux-x86_64 0.2.0 4.86 49.01 53.87 OK
r-release-macos-arm64 0.2.0 34.00 OK
r-release-macos-x86_64 0.2.0 51.00 OK
r-release-windows-x86_64 0.2.0 10.00 68.00 78.00 OK
r-oldrel-macos-arm64 0.2.0 29.00 OK
r-oldrel-windows-x86_64 0.2.0 10.00 74.00 84.00 OK

Check Details

Version: 0.2.0
Check: Rd files
Result: NOTE checkRd: (-1) gfonts.Rd:8: Lost braces; missing escapes or markup? 8 | Download Google fonts and generate CSS to use in {rmarkdown} documents and | ^ checkRd: (-1) gfonts.Rd:9: Lost braces; missing escapes or markup? 9 | {shiny} applications. Some popular fonts are included and ready to use. | ^ checkRd: (-1) use_pkg_gfont.Rd:5: Lost braces; missing escapes or markup? 5 | \title{Use a Google Font included in {gfonts}} | ^ Flavors: r-devel-linux-x86_64-debian-clang, r-devel-linux-x86_64-debian-gcc, r-devel-linux-x86_64-fedora-clang, r-devel-linux-x86_64-fedora-gcc, r-prerel-macos-arm64, r-prerel-windows-x86_64, r-patched-linux-x86_64